
{"id":3134,"date":"2018-05-20T13:54:09","date_gmt":"2018-05-20T13:54:09","guid":{"rendered":"http:\/\/www.sfogveckan.se\/?page_id=3134"},"modified":"2018-08-23T08:40:35","modified_gmt":"2018-08-23T08:40:35","slug":"sponsorer-och-utstallare","status":"publish","type":"page","link":"https:\/\/appsinmed.com\/sfog2018\/sponsorer-och-utstallare\/","title":{"rendered":"Sponsorer och utst\u00e4llare"},"content":{"rendered":"<p>[et_pb_section bb_built=&#8221;1&#8243; next_background_color=&#8221;#000000&#8243;][et_pb_row][et_pb_column type=&#8221;4_4&#8243;][et_pb_text _builder_version=&#8221;3.0.72&#8243; background_layout=&#8221;light&#8221; text_orientation=&#8221;left&#8221; border_style=&#8221;solid&#8221;]<\/p>\n<p style=\"text-align: center\"><span style=\"font-size: 24pt;color: #000000\"><strong>SPONSORER &amp; UTST\u00c4LLARE<\/strong><\/span><\/p>\n<p style=\"text-align: center\"><span style=\"color: #000000;font-size: 12pt\">Ett stort tack till v\u00e5ra sponsorer och utst\u00e4llare som g\u00f6r det m\u00f6jligt att arrangera SFOG veckan 2018 i Uppsala.<\/span><\/p>\n<p>[\/et_pb_text][\/et_pb_column][\/et_pb_row][et_pb_row _builder_version=&#8221;3.0.72&#8243; background_color=&#8221;#1096d4&#8243; background_repeat_1=&#8221;no-repeat&#8221; make_fullwidth=&#8221;on&#8221;][et_pb_column type=&#8221;4_4&#8243;][et_pb_text _builder_version=&#8221;3.0.72&#8243; background_layout=&#8221;light&#8221; text_orientation=&#8221;left&#8221; border_style=&#8221;solid&#8221;]<\/p>\n<p style=\"text-align: center\"><span style=\"font-size: 18pt;color: #ffffff\"><strong>GULDSPONSORER<\/strong><\/span><\/p>\n<p>[\/et_pb_text][\/et_pb_column][\/et_pb_row][et_pb_row _builder_version=&#8221;3.0.72&#8243; background_repeat_1=&#8221;no-repeat&#8221; make_fullwidth=&#8221;on&#8221;][et_pb_column type=&#8221;4_4&#8243;][et_pb_text _builder_version=&#8221;3.2.2&#8243;]<\/p>\n<p style=\"text-align: center\"><span style=\"font-size: 18pt;color: #ffffff\"><strong><a href=\"http:\/\/www.aviapharma.se\/\"><img loading=\"lazy\" class=\" wp-image-3149 aligncenter\" src=\"http:\/\/www.sfogveckan.se\/wp-content\/uploads\/sites\/33\/2018\/05\/Avia-logga_PNG-300x47.png\" alt=\"\" width=\"446\" height=\"70\" srcset=\"https:\/\/appsinmed.com\/sfog2018\/wp-content\/uploads\/sites\/33\/2018\/05\/Avia-logga_PNG-300x47.png 300w, https:\/\/appsinmed.com\/sfog2018\/wp-content\/uploads\/sites\/33\/2018\/05\/Avia-logga_PNG.png 600w\" sizes=\"(max-width: 446px) 100vw, 446px\" \/><\/a>G<\/strong><\/span><span style=\"font-size: 18pt;color: #ffffff\"><strong>ULDSPONSORER<\/strong><\/span><\/p>\n<p><a href=\"https:\/\/www.bbraun.se\/sv_se.html\"><img loading=\"lazy\" class=\"alignnone size-medium wp-image-3151 aligncenter\" src=\"http:\/\/www.sfogveckan.se\/wp-content\/uploads\/sites\/33\/2018\/05\/Logo_Claim_A0_cmyk-300x73.png\" alt=\"\" width=\"300\" height=\"73\" srcset=\"https:\/\/appsinmed.com\/sfog2018\/wp-content\/uploads\/sites\/33\/2018\/05\/Logo_Claim_A0_cmyk-300x73.png 300w, https:\/\/appsinmed.com\/sfog2018\/wp-content\/uploads\/sites\/33\/2018\/05\/Logo_Claim_A0_cmyk-768x188.png 768w, https:\/\/appsinmed.com\/sfog2018\/wp-content\/uploads\/sites\/33\/2018\/05\/Logo_Claim_A0_cmyk-1024x250.png 1024w, https:\/\/appsinmed.com\/sfog2018\/wp-content\/uploads\/sites\/33\/2018\/05\/Logo_Claim_A0_cmyk-1080x264.png 1080w, https:\/\/appsinmed.com\/sfog2018\/wp-content\/uploads\/sites\/33\/2018\/05\/Logo_Claim_A0_cmyk.png 1925w\" sizes=\"(max-width: 300px) 100vw, 300px\" \/><\/a><\/p>\n<p><a href=\"https:\/\/www.gedeonrichter.se\/\"><img loading=\"lazy\" class=\"alignnone wp-image-3150 aligncenter\" src=\"https:\/\/www.sfogveckan.se\/wp-content\/uploads\/sites\/33\/2018\/05\/GedeonRichter-300x37.jpg\" alt=\"\" width=\"519\" height=\"64\" srcset=\"https:\/\/appsinmed.com\/sfog2018\/wp-content\/uploads\/sites\/33\/2018\/05\/GedeonRichter-300x37.jpg 300w, https:\/\/appsinmed.com\/sfog2018\/wp-content\/uploads\/sites\/33\/2018\/05\/GedeonRichter.jpg 755w\" sizes=\"(max-width: 519px) 100vw, 519px\" \/><\/a><\/p>\n<p>[\/et_pb_text][\/et_pb_column][\/et_pb_row][et_pb_row _builder_version=&#8221;3.0.72&#8243; background_color=&#8221;#1096d4&#8243; background_repeat_1=&#8221;no-repeat&#8221; make_fullwidth=&#8221;on&#8221;][et_pb_column type=&#8221;4_4&#8243;][et_pb_text _builder_version=&#8221;3.12.1&#8243;]<\/p>\n<p style=\"text-align: center\"><span style=\"font-size: 24px;color: #ffffff\"><b>SILVERSPONSORER<\/b><\/span><\/p>\n<p>[\/et_pb_text][\/et_pb_column][\/et_pb_row][et_pb_row _builder_version=&#8221;3.0.72&#8243; background_repeat_1=&#8221;no-repeat&#8221; make_fullwidth=&#8221;on&#8221;][et_pb_column type=&#8221;4_4&#8243;][et_pb_text _builder_version=&#8221;3.12.1&#8243;]<\/p>\n<p><a href=\"https:\/\/www.naturalcycles.com\/en\/hcp\/\"><img loading=\"lazy\" class=\"alignnone wp-image-3170 aligncenter\" src=\"http:\/\/www.sfogveckan.se\/wp-content\/uploads\/sites\/33\/2018\/05\/nc-monogram-word-mark-horizontal-mardigrass-cmyk-300x74.png\" alt=\"\" width=\"420\" height=\"104\" srcset=\"https:\/\/appsinmed.com\/sfog2018\/wp-content\/uploads\/sites\/33\/2018\/05\/nc-monogram-word-mark-horizontal-mardigrass-cmyk-300x74.png 300w, https:\/\/appsinmed.com\/sfog2018\/wp-content\/uploads\/sites\/33\/2018\/05\/nc-monogram-word-mark-horizontal-mardigrass-cmyk-768x190.png 768w, https:\/\/appsinmed.com\/sfog2018\/wp-content\/uploads\/sites\/33\/2018\/05\/nc-monogram-word-mark-horizontal-mardigrass-cmyk-1024x253.png 1024w, https:\/\/appsinmed.com\/sfog2018\/wp-content\/uploads\/sites\/33\/2018\/05\/nc-monogram-word-mark-horizontal-mardigrass-cmyk-1080x267.png 1080w, https:\/\/appsinmed.com\/sfog2018\/wp-content\/uploads\/sites\/33\/2018\/05\/nc-monogram-word-mark-horizontal-mardigrass-cmyk.png 1726w\" sizes=\"(max-width: 420px) 100vw, 420px\" \/><\/a><\/p>\n<p><a href=\"http:\/\/www.vagivital.se\"><img loading=\"lazy\" class=\"alignnone wp-image-3169 aligncenter\" src=\"http:\/\/www.sfogveckan.se\/wp-content\/uploads\/sites\/33\/2018\/05\/Logga-Peptonic-Medical-300x137.png\" alt=\"\" width=\"241\" height=\"110\" srcset=\"https:\/\/appsinmed.com\/sfog2018\/wp-content\/uploads\/sites\/33\/2018\/05\/Logga-Peptonic-Medical-300x137.png 300w, https:\/\/appsinmed.com\/sfog2018\/wp-content\/uploads\/sites\/33\/2018\/05\/Logga-Peptonic-Medical.png 332w\" sizes=\"(max-width: 241px) 100vw, 241px\" \/><\/a><\/p>\n<p><a href=\"https:\/\/www.solann.se\/\"><img loading=\"lazy\" class=\"alignnone size-medium wp-image-3254 aligncenter\" src=\"http:\/\/www.sfogveckan.se\/wp-content\/uploads\/sites\/33\/2018\/06\/solannlogga_largeweb-300x59.png\" alt=\"\" width=\"300\" height=\"59\" srcset=\"https:\/\/appsinmed.com\/sfog2018\/wp-content\/uploads\/sites\/33\/2018\/06\/solannlogga_largeweb-300x59.png 300w, https:\/\/appsinmed.com\/sfog2018\/wp-content\/uploads\/sites\/33\/2018\/06\/solannlogga_largeweb.png 640w\" sizes=\"(max-width: 300px) 100vw, 300px\" \/><\/a><\/p>\n<p>[\/et_pb_text][\/et_pb_column][\/et_pb_row][et_pb_row _builder_version=&#8221;3.2.2&#8243; background_color=&#8221;#1096d4&#8243; background_repeat_1=&#8221;no-repeat&#8221; make_fullwidth=&#8221;on&#8221;][et_pb_column type=&#8221;4_4&#8243;][et_pb_text _builder_version=&#8221;3.2.2&#8243;]<\/p>\n<p style=\"text-align: center\"><span style=\"font-size: 18pt;color: #ffffff\"><strong>BRONSSPONSORER<\/strong><\/span><\/p>\n<p>[\/et_pb_text][\/et_pb_column][\/et_pb_row][et_pb_row _builder_version=&#8221;3.0.72&#8243; background_repeat_1=&#8221;no-repeat&#8221; make_fullwidth=&#8221;on&#8221;][et_pb_column type=&#8221;1_3&#8243;][et_pb_text _builder_version=&#8221;3.2.2&#8243;]<\/p>\n<p>&nbsp;<\/p>\n<p><a href=\"https:\/\/www.astellas.se\/\"><img loading=\"lazy\" class=\"alignnone wp-image-3178\" src=\"http:\/\/www.sfogveckan.se\/wp-content\/uploads\/sites\/33\/2018\/05\/astellas_cmyk-300x82.jpeg\" alt=\"\" width=\"242\" height=\"66\" srcset=\"https:\/\/appsinmed.com\/sfog2018\/wp-content\/uploads\/sites\/33\/2018\/05\/astellas_cmyk-300x82.jpeg 300w, https:\/\/appsinmed.com\/sfog2018\/wp-content\/uploads\/sites\/33\/2018\/05\/astellas_cmyk-768x211.jpeg 768w, https:\/\/appsinmed.com\/sfog2018\/wp-content\/uploads\/sites\/33\/2018\/05\/astellas_cmyk-1024x281.jpeg 1024w, https:\/\/appsinmed.com\/sfog2018\/wp-content\/uploads\/sites\/33\/2018\/05\/astellas_cmyk-1080x297.jpeg 1080w\" sizes=\"(max-width: 242px) 100vw, 242px\" \/><\/a><\/p>\n<p>[\/et_pb_text][et_pb_text _builder_version=&#8221;3.2.2&#8243;]<\/p>\n<p>&nbsp;<\/p>\n<p style=\"text-align: left\">\u00a0 \u00a0 \u00a0 \u00a0 \u00a0\u00a0<a href=\"https:\/\/www.pfizer.se\/?gclid=EAIaIQobChMIy5mUkY3i3AIVGomyCh3NYQ29EAAYASAAEgKUI_D_BwE\"><img loading=\"lazy\" class=\"alignnone wp-image-3190\" src=\"http:\/\/www.sfogveckan.se\/wp-content\/uploads\/sites\/33\/2018\/05\/pfizer_rgb_pos-300x174.jpg\" alt=\"\" width=\"152\" height=\"88\" srcset=\"https:\/\/appsinmed.com\/sfog2018\/wp-content\/uploads\/sites\/33\/2018\/05\/pfizer_rgb_pos-300x174.jpg 300w, https:\/\/appsinmed.com\/sfog2018\/wp-content\/uploads\/sites\/33\/2018\/05\/pfizer_rgb_pos-510x300.jpg 510w, https:\/\/appsinmed.com\/sfog2018\/wp-content\/uploads\/sites\/33\/2018\/05\/pfizer_rgb_pos.jpg 516w\" sizes=\"(max-width: 152px) 100vw, 152px\" \/><\/a><\/p>\n<p>[\/et_pb_text][\/et_pb_column][et_pb_column type=&#8221;1_3&#8243;][et_pb_text _builder_version=&#8221;3.2.2&#8243;]<\/p>\n<p style=\"text-align: left\">\u00a0 \u00a0 \u00a0 \u00a0 \u00a0 \u00a0 \u00a0 \u00a0 \u00a0 \u00a0 \u00a0 \u00a0 \u00a0 \u00a0 \u00a0 \u00a0 \u00a0 \u00a0 \u00a0 \u00a0 \u00a0 \u00a0 \u00a0 \u00a0 \u00a0 \u00a0 \u00a0 \u00a0 \u00a0 \u00a0 \u00a0 \u00a0 \u00a0 \u00a0 \u00a0 \u00a0 \u00a0 \u00a0 \u00a0 \u00a0 \u00a0 \u00a0 \u00a0 \u00a0 \u00a0 \u00a0 \u00a0<a href=\"https:\/\/www.bayer.com\/\"><img loading=\"lazy\" class=\"alignnone wp-image-3185\" src=\"http:\/\/www.sfogveckan.se\/wp-content\/uploads\/sites\/33\/2018\/05\/Logga-Bayer-JPG-2-300x300.jpg\" alt=\"\" width=\"121\" height=\"121\" srcset=\"https:\/\/appsinmed.com\/sfog2018\/wp-content\/uploads\/sites\/33\/2018\/05\/Logga-Bayer-JPG-2-300x300.jpg 300w, https:\/\/appsinmed.com\/sfog2018\/wp-content\/uploads\/sites\/33\/2018\/05\/Logga-Bayer-JPG-2-150x150.jpg 150w, https:\/\/appsinmed.com\/sfog2018\/wp-content\/uploads\/sites\/33\/2018\/05\/Logga-Bayer-JPG-2-768x768.jpg 768w, https:\/\/appsinmed.com\/sfog2018\/wp-content\/uploads\/sites\/33\/2018\/05\/Logga-Bayer-JPG-2-1024x1024.jpg 1024w, https:\/\/appsinmed.com\/sfog2018\/wp-content\/uploads\/sites\/33\/2018\/05\/Logga-Bayer-JPG-2-1080x1080.jpg 1080w, https:\/\/appsinmed.com\/sfog2018\/wp-content\/uploads\/sites\/33\/2018\/05\/Logga-Bayer-JPG-2.jpg 1181w\" sizes=\"(max-width: 121px) 100vw, 121px\" \/><\/a><\/p>\n<p>[\/et_pb_text][et_pb_text _builder_version=&#8221;3.2.2&#8243;]<\/p>\n<p><a href=\"http:\/\/www.roche.se\/\"><img loading=\"lazy\" class=\"alignnone wp-image-3215\" src=\"http:\/\/www.sfogveckan.se\/wp-content\/uploads\/sites\/33\/2018\/05\/Bl\u00e5-Rochelogga-300x156.jpg\" alt=\"\" width=\"179\" height=\"93\" srcset=\"https:\/\/appsinmed.com\/sfog2018\/wp-content\/uploads\/sites\/33\/2018\/05\/Bl\u00e5-Rochelogga-300x156.jpg 300w, https:\/\/appsinmed.com\/sfog2018\/wp-content\/uploads\/sites\/33\/2018\/05\/Bl\u00e5-Rochelogga-768x398.jpg 768w, https:\/\/appsinmed.com\/sfog2018\/wp-content\/uploads\/sites\/33\/2018\/05\/Bl\u00e5-Rochelogga.jpg 910w\" sizes=\"(max-width: 179px) 100vw, 179px\" \/><\/a><\/p>\n<p>[\/et_pb_text][\/et_pb_column][et_pb_column type=&#8221;1_3&#8243;][et_pb_text _builder_version=&#8221;3.2.2&#8243;]<\/p>\n<p>&nbsp;<\/p>\n<p><a href=\"https:\/\/normedi.com\/\"><img loading=\"lazy\" class=\"alignnone wp-image-3179\" src=\"http:\/\/www.sfogveckan.se\/wp-content\/uploads\/sites\/33\/2018\/05\/Normedi_logo_rgb-300x112.jpg\" alt=\"\" width=\"177\" height=\"66\" srcset=\"https:\/\/appsinmed.com\/sfog2018\/wp-content\/uploads\/sites\/33\/2018\/05\/Normedi_logo_rgb-300x112.jpg 300w, https:\/\/appsinmed.com\/sfog2018\/wp-content\/uploads\/sites\/33\/2018\/05\/Normedi_logo_rgb-768x288.jpg 768w, https:\/\/appsinmed.com\/sfog2018\/wp-content\/uploads\/sites\/33\/2018\/05\/Normedi_logo_rgb.jpg 865w\" sizes=\"(max-width: 177px) 100vw, 177px\" \/><\/a><\/p>\n<p>[\/et_pb_text][et_pb_text _builder_version=&#8221;3.2.2&#8243;]<\/p>\n<p>&nbsp;<\/p>\n<p><a href=\"http:\/\/www.wingplast.se\/\"><img loading=\"lazy\" class=\"alignnone wp-image-3181\" src=\"http:\/\/www.sfogveckan.se\/wp-content\/uploads\/sites\/33\/2018\/05\/WP-Logo-till-e-postsignatur-1-300x242.jpg\" alt=\"\" width=\"124\" height=\"100\" srcset=\"https:\/\/appsinmed.com\/sfog2018\/wp-content\/uploads\/sites\/33\/2018\/05\/WP-Logo-till-e-postsignatur-1-300x242.jpg 300w, https:\/\/appsinmed.com\/sfog2018\/wp-content\/uploads\/sites\/33\/2018\/05\/WP-Logo-till-e-postsignatur-1-768x619.jpg 768w, https:\/\/appsinmed.com\/sfog2018\/wp-content\/uploads\/sites\/33\/2018\/05\/WP-Logo-till-e-postsignatur-1-1024x825.jpg 1024w, https:\/\/appsinmed.com\/sfog2018\/wp-content\/uploads\/sites\/33\/2018\/05\/WP-Logo-till-e-postsignatur-1-1080x870.jpg 1080w, https:\/\/appsinmed.com\/sfog2018\/wp-content\/uploads\/sites\/33\/2018\/05\/WP-Logo-till-e-postsignatur-1.jpg 1500w\" sizes=\"(max-width: 124px) 100vw, 124px\" \/><\/a><\/p>\n<p>[\/et_pb_text][\/et_pb_column][\/et_pb_row][\/et_pb_section][et_pb_section bb_built=&#8221;1&#8243; fullwidth=&#8221;off&#8221; specialty=&#8221;off&#8221; prev_background_color=&#8221;#000000&#8243;][et_pb_row _builder_version=&#8221;3.2.2&#8243; background_color=&#8221;#1096d4&#8243;][et_pb_column type=&#8221;4_4&#8243;][et_pb_text _builder_version=&#8221;3.2.2&#8243;]<\/p>\n<p style=\"text-align: center\"><span style=\"font-size: 18pt;color: #ffffff\"><strong>UTST\u00c4LLARE<\/strong><\/span><\/p>\n<p>[\/et_pb_text][\/et_pb_column][\/et_pb_row][et_pb_row _builder_version=&#8221;3.2.2&#8243;][et_pb_column type=&#8221;1_2&#8243;][et_pb_text _builder_version=&#8221;3.12.1&#8243;]<\/p>\n<ul>\n<li><span style=\"font-size: 14pt;color: #000000\">Apgar Sverige AB<\/span><span style=\"font-size: 14pt;color: #000000\"><br \/>\n<\/span><\/li>\n<li><span style=\"font-size: 14pt;color: #000000\">Aspen Nordic<\/span><\/li>\n<li><span style=\"font-size: 14pt;color: #000000\">Azanta AB<\/span><\/li>\n<li><span style=\"font-size: 14pt;color: #000000\">Boston Scientific Nordic AB<\/span><\/li>\n<li><span style=\"font-size: 14pt;color: #000000\">Berner Medical AB<\/span><\/li>\n<li><span style=\"font-size: 14pt;color: #000000\">Campus Pharma AB<\/span><\/li>\n<li><span style=\"font-size: 14pt;color: #000000\">Cook Medical<\/span><\/li>\n<li><span style=\"font-size: 14pt;color: #000000\">Endometriosf\u00f6reningen<\/span><\/li>\n<li><span style=\"font-size: 14pt;color: #000000\">Erol AB<\/span><\/li>\n<li><span style=\"font-size: 14pt;color: #000000\">Exeltis Sverige AB<\/span><\/li>\n<li><span style=\"font-size: 14pt;color: #000000\">Ferring L\u00e4kemedel<\/span><\/li>\n<li><span style=\"font-size: 14pt;color: #000000\">Florealis<\/span><\/li>\n<li><span style=\"font-size: 14pt;color: #000000\">GE Healthcare<\/span><\/li>\n<li><span style=\"font-size: 14pt;color: #000000\">Gothia Medical AB<\/span><\/li>\n<li><span style=\"font-size: 14pt;color: #000000\">Graviditetsregistret<\/span><\/li>\n<li><span style=\"font-size: 14pt;color: #000000\">Gynius Plus AB<\/span><\/li>\n<li><span style=\"font-size: 14pt;color: #000000\">Karl Storz Endoskop Sverige AB<\/span><\/li>\n<li><span style=\"font-size: 14pt;color: #000000\">Karo Pharma<\/span><\/li>\n<li><span style=\"font-size: 14pt;color: #000000\">Kebomed Sverige AB<\/span><\/li>\n<li><span style=\"font-size: 14pt;color: #000000\">Kungshusen Medicinska<\/span><\/li>\n<li><span style=\"font-size: 14pt;color: #000000\">Laerdal Medical AB<\/span><\/li>\n<\/ul>\n<p>[\/et_pb_text][\/et_pb_column][et_pb_column type=&#8221;1_2&#8243;][et_pb_text _builder_version=&#8221;3.12.1&#8243;]<\/p>\n<ul>\n<li><span style=\"font-size: 14pt;color: #000000\">Landstinget Dalarna<\/span><\/li>\n<li><span style=\"font-size: 14pt;color: #000000\">Laprotech AB<\/span><\/li>\n<li><span style=\"font-size: 14pt;color: #000000\">LEO Pharma AB<\/span><\/li>\n<li><span style=\"font-size: 14pt;color: #000000\">Life Genomics AB<\/span><\/li>\n<li><span style=\"font-size: 14pt;color: #000000\">Linet Sweden AB<\/span><\/li>\n<li><span style=\"font-size: 14pt;color: #000000\">L\u00e4kare utan gr\u00e4nser<\/span><\/li>\n<li><span style=\"font-size: 14pt;color: #000000\">L\u00e4karjouren Norrland<\/span><\/li>\n<li><span style=\"font-size: 14pt;color: #000000\">Mizarra Medical AB<\/span><\/li>\n<li><span style=\"font-size: 14pt;color: #000000\">NordicCell ApS<\/span><\/li>\n<li><span style=\"font-size: 14pt;color: #000000\">ObsteCare AB<\/span><\/li>\n<li><span style=\"font-size: 14pt;color: #000000\">OmniView Speculum<\/span><\/li>\n<li><span style=\"font-size: 14pt;color: #000000\">Oscar Medtec AB<\/span><\/li>\n<li><span style=\"font-size: 14pt;color: #000000\">Pharmacosmos A\/S<\/span><\/li>\n<li><span style=\"font-size: 14pt;color: #000000\">Pharmiva AB<\/span><\/li>\n<li><span style=\"font-size: 14pt;color: #000000\">PulmiCare AB<\/span><\/li>\n<li><span style=\"font-size: 14pt;color: #000000\">Renapharma<\/span><\/li>\n<li><span style=\"font-size: 14pt;color: #000000\">Smith &amp; Nephew AB<\/span><\/li>\n<li><span style=\"font-size: 14pt;color: #000000\">Spox Medtech AB<\/span><\/li>\n<li><span style=\"font-size: 14pt;color: #000000\">Statistikakademin AB<\/span><\/li>\n<li><span style=\"font-size: 14pt;color: #000000\">Swemac Vision AB<\/span><\/li>\n<li><span style=\"font-size: 14pt;color: #000000\">V\u00e5rdbemanning Sverige<\/span><\/li>\n<\/ul>\n<p>[\/et_pb_text][\/et_pb_column][\/et_pb_row][et_pb_row _builder_version=&#8221;3.2.2&#8243; background_color=&#8221;#1096d4&#8243;][et_pb_column type=&#8221;4_4&#8243;][et_pb_text _builder_version=&#8221;3.2.2&#8243;]<\/p>\n<p style=\"text-align: center\"><span style=\"font-size: 18pt;color: #ffffff\"><strong>UTST\u00c4LLARSKISS PLAN 2 &amp; PLAN 3 UKK<\/strong><\/span><\/p>\n<p>[\/et_pb_text][\/et_pb_column][\/et_pb_row][et_pb_row][et_pb_column type=&#8221;4_4&#8243;][et_pb_text _builder_version=&#8221;3.12.1&#8243;]<\/p>\n<p>&nbsp;<\/p>\n<p>&nbsp;<\/p>\n<p>&nbsp;<\/p>\n<p><img loading=\"lazy\" class=\"alignnone size-full wp-image-3363\" src=\"https:\/\/www.sfogveckan.se\/wp-content\/uploads\/sites\/33\/2018\/05\/plan2_4mp.jpg\" alt=\"\" width=\"2353\" height=\"1699\" srcset=\"https:\/\/appsinmed.com\/sfog2018\/wp-content\/uploads\/sites\/33\/2018\/05\/plan2_4mp.jpg 2353w, https:\/\/appsinmed.com\/sfog2018\/wp-content\/uploads\/sites\/33\/2018\/05\/plan2_4mp-300x217.jpg 300w, https:\/\/appsinmed.com\/sfog2018\/wp-content\/uploads\/sites\/33\/2018\/05\/plan2_4mp-768x555.jpg 768w, https:\/\/appsinmed.com\/sfog2018\/wp-content\/uploads\/sites\/33\/2018\/05\/plan2_4mp-1024x739.jpg 1024w, https:\/\/appsinmed.com\/sfog2018\/wp-content\/uploads\/sites\/33\/2018\/05\/plan2_4mp-1080x780.jpg 1080w\" sizes=\"(max-width: 2353px) 100vw, 2353px\" \/><\/p>\n<p><img loading=\"lazy\" class=\"alignnone size-large wp-image-3421\" src=\"https:\/\/www.sfogveckan.se\/wp-content\/uploads\/sites\/33\/2018\/08\/Slutgiltig-skiss-plan-3-22-augusti_Sida_1-1024x739.png\" alt=\"\" width=\"1024\" height=\"739\" srcset=\"https:\/\/appsinmed.com\/sfog2018\/wp-content\/uploads\/sites\/33\/2018\/08\/Slutgiltig-skiss-plan-3-22-augusti_Sida_1-1024x739.png 1024w, https:\/\/appsinmed.com\/sfog2018\/wp-content\/uploads\/sites\/33\/2018\/08\/Slutgiltig-skiss-plan-3-22-augusti_Sida_1-300x217.png 300w, https:\/\/appsinmed.com\/sfog2018\/wp-content\/uploads\/sites\/33\/2018\/08\/Slutgiltig-skiss-plan-3-22-augusti_Sida_1-768x555.png 768w, https:\/\/appsinmed.com\/sfog2018\/wp-content\/uploads\/sites\/33\/2018\/08\/Slutgiltig-skiss-plan-3-22-augusti_Sida_1-1080x780.png 1080w\" sizes=\"(max-width: 1024px) 100vw, 1024px\" \/><\/p>\n<p>&nbsp;<\/p>\n<p>&nbsp;<\/p>\n<p>[\/et_pb_text][\/et_pb_column][\/et_pb_row][\/et_pb_section]<\/p>\n","protected":false},"excerpt":{"rendered":"<p>[et_pb_section bb_built=&#8221;1&#8243; next_background_color=&#8221;#000000&#8243;][et_pb_row][et_pb_column type=&#8221;4_4&#8243;][et_pb_text _builder_version=&#8221;3.0.72&#8243; background_layout=&#8221;light&#8221; text_orientation=&#8221;left&#8221; border_style=&#8221;solid&#8221;] SPONSORER &amp; UTST\u00c4LLARE Ett stort tack till v\u00e5ra sponsorer och utst\u00e4llare som g\u00f6r det m\u00f6jligt att arrangera SFOG veckan 2018 i Uppsala. [\/et_pb_text][\/et_pb_column][\/et_pb_row][et_pb_row _builder_version=&#8221;3.0.72&#8243; background_color=&#8221;#1096d4&#8243; background_repeat_1=&#8221;no-repeat&#8221; make_fullwidth=&#8221;on&#8221;][et_pb_column type=&#8221;4_4&#8243;][et_pb_text _builder_version=&#8221;3.0.72&#8243; background_layout=&#8221;light&#8221; text_orientation=&#8221;left&#8221; border_style=&#8221;solid&#8221;] GULDSPONSORER [\/et_pb_text][\/et_pb_column][\/et_pb_row][et_pb_row _builder_version=&#8221;3.0.72&#8243; background_repeat_1=&#8221;no-repeat&#8221; make_fullwidth=&#8221;on&#8221;][et_pb_column type=&#8221;4_4&#8243;][et_pb_text _builder_version=&#8221;3.2.2&#8243;] GULDSPONSORER [\/et_pb_text][\/et_pb_column][\/et_pb_row][et_pb_row _builder_version=&#8221;3.0.72&#8243; background_color=&#8221;#1096d4&#8243; background_repeat_1=&#8221;no-repeat&#8221; make_fullwidth=&#8221;on&#8221;][et_pb_column type=&#8221;4_4&#8243;][et_pb_text _builder_version=&#8221;3.12.1&#8243;] [&hellip;]<\/p>\n","protected":false},"author":34,"featured_media":0,"parent":0,"menu_order":0,"comment_status":"closed","ping_status":"closed","template":"","meta":{"_et_pb_use_builder":"on","_et_pb_old_content":"","_et_gb_content_width":""},"_links":{"self":[{"href":"https:\/\/appsinmed.com\/sfog2018\/wp-json\/wp\/v2\/pages\/3134"}],"collection":[{"href":"https:\/\/appsinmed.com\/sfog2018\/wp-json\/wp\/v2\/pages"}],"about":[{"href":"https:\/\/appsinmed.com\/sfog2018\/wp-json\/wp\/v2\/types\/page"}],"author":[{"embeddable":true,"href":"https:\/\/appsinmed.com\/sfog2018\/wp-json\/wp\/v2\/users\/34"}],"replies":[{"embeddable":true,"href":"https:\/\/appsinmed.com\/sfog2018\/wp-json\/wp\/v2\/comments?post=3134"}],"version-history":[{"count":111,"href":"https:\/\/appsinmed.com\/sfog2018\/wp-json\/wp\/v2\/pages\/3134\/revisions"}],"predecessor-version":[{"id":3458,"href":"https:\/\/appsinmed.com\/sfog2018\/wp-json\/wp\/v2\/pages\/3134\/revisions\/3458"}],"wp:attachment":[{"href":"https:\/\/appsinmed.com\/sfog2018\/wp-json\/wp\/v2\/media?parent=3134"}],"curies":[{"name":"wp","href":"https:\/\/api.w.org\/{rel}","templated":true}]}}