{"id":729,"date":"2019-07-25T11:28:54","date_gmt":"2019-07-25T11:28:54","guid":{"rendered":"http:\/\/www.ortopediveckan.se\/?page_id=729"},"modified":"2019-08-26T06:07:48","modified_gmt":"2019-08-26T06:07:48","slug":"moten-i-motet","status":"publish","type":"page","link":"https:\/\/appsinmed.com\/ortopediveckan2019\/moten-i-motet\/","title":{"rendered":"M\u00f6ten i m\u00f6tet"},"content":{"rendered":"<p>[et_pb_section bb_built=&#8221;1&#8243;][et_pb_row][et_pb_column type=&#8221;4_4&#8243;][et_pb_text _builder_version=&#8221;3.15&#8243;]<\/p>\n<p style=\"text-align: center\"><strong><span style=\"font-size: 14pt\">M\u00f6ten i m\u00f6tet<\/span><\/strong><\/p>\n<p><strong>L\u00e4kare<\/strong><br \/>\n\u2022 Verksamhetschefs- och professorsm\u00f6te: tisdag 27\/8, 09:00-11:45. Vingen 3, LDG. Anm\u00e4lan kr\u00e4vs.<br \/>\n\u2022 Ostrix studierektorsm\u00f6te: tisdag 27\/8, 09:00-11:45. Vingen 4, LDG. Anm\u00e4lan kr\u00e4vs.<br \/>\n\u2022 Frakturregistret- Styrgruppsm\u00f6te: Tisdag 27\/8 kl 17:00-19:00. Vingen 8, LDG. Inbjudna deltagare.<br \/>\n\u2022 Hipsther och Duality-studierna. Uppstartsm\u00f6te: onsdag 28\/8, 10:30-11:30. Vingen 8, LDG.<br \/>\n\u2022 Svensk Ortopedisk F\u00f6rening \u00e5rsm\u00f6te: torsdag 29\/8, 10:00-12:00. De Geerhallen. SOFs medlemmar.<br \/>\n\u2022 Svenska H\u00f6ft och Kn\u00e4f\u00f6reningen \u00e5rsm\u00f6te: torsdag 29\/8, 11:45-13:00, Vingen 8, LDG. Anm\u00e4lan kr\u00e4vs.<br \/>\n\u2022 Svensk Barnortopedisk f\u00f6rening: torsdag 29\/8, 16:30-18:00. Vingen 8, LDG. Inbjudna deltagare.<br \/>\n\u2022 Epifysen \u00e5rsm\u00f6te: torsdag 29\/8, 18:30- 19:30. Middag 19:30, \u00d6stg\u00f6ta k\u00f6k, Nya torget. Hospitalsgatan 30. Anm\u00e4lan kr\u00e4vs.<\/p>\n<p><strong>\u00d6vriga yrkeskategorier<\/strong><br \/>\n\u2022 Fysioterapeuternas n\u00e4tverkstr\u00e4ff: torsdag 29\/8, 10:15-11:45. Hemerycksalen, LDG.<br \/>\n\u2022 Arbetsterapeuter n\u00e4tverkstr\u00e4ff: torsdag 29\/8, 10:15-11:45. Vingen 6+7, LDG.<br \/>\n\u2022 F\u00f6reningen Ortopedisjuksk\u00f6terskor i Sverige \u00e5rsm\u00f6te: torsdag 29\/8, 11:00-12:00. Vingen 3+4, LDG.<\/p>\n<p>[\/et_pb_text][\/et_pb_column][\/et_pb_row][\/et_pb_section]<\/p>\n","protected":false},"excerpt":{"rendered":"<p>[et_pb_section bb_built=&#8221;1&#8243;][et_pb_row][et_pb_column type=&#8221;4_4&#8243;][et_pb_text _builder_version=&#8221;3.15&#8243;] M\u00f6ten i m\u00f6tet L\u00e4kare \u2022 Verksamhetschefs- och professorsm\u00f6te: tisdag 27\/8, 09:00-11:45. Vingen 3, LDG. Anm\u00e4lan kr\u00e4vs. \u2022 Ostrix studierektorsm\u00f6te: tisdag 27\/8, 09:00-11:45. Vingen 4, LDG. Anm\u00e4lan kr\u00e4vs. \u2022 Frakturregistret- Styrgruppsm\u00f6te: Tisdag 27\/8 kl 17:00-19:00. Vingen 8, LDG. Inbjudna deltagare. \u2022 Hipsther och Duality-studierna. Uppstartsm\u00f6te: onsdag 28\/8, 10:30-11:30. Vingen 8, LDG. \u2022 [&hellip;]<\/p>\n","protected":false},"author":46,"featured_media":0,"parent":0,"menu_order":0,"comment_status":"closed","ping_status":"closed","template":"","meta":{"_et_pb_use_builder":"on","_et_pb_old_content":"","_et_gb_content_width":""},"_links":{"self":[{"href":"https:\/\/appsinmed.com\/ortopediveckan2019\/wp-json\/wp\/v2\/pages\/729"}],"collection":[{"href":"https:\/\/appsinmed.com\/ortopediveckan2019\/wp-json\/wp\/v2\/pages"}],"about":[{"href":"https:\/\/appsinmed.com\/ortopediveckan2019\/wp-json\/wp\/v2\/types\/page"}],"author":[{"embeddable":true,"href":"https:\/\/appsinmed.com\/ortopediveckan2019\/wp-json\/wp\/v2\/users\/46"}],"replies":[{"embeddable":true,"href":"https:\/\/appsinmed.com\/ortopediveckan2019\/wp-json\/wp\/v2\/comments?post=729"}],"version-history":[{"count":11,"href":"https:\/\/appsinmed.com\/ortopediveckan2019\/wp-json\/wp\/v2\/pages\/729\/revisions"}],"predecessor-version":[{"id":736,"href":"https:\/\/appsinmed.com\/ortopediveckan2019\/wp-json\/wp\/v2\/pages\/729\/revisions\/736"}],"wp:attachment":[{"href":"https:\/\/appsinmed.com\/ortopediveckan2019\/wp-json\/wp\/v2\/media?parent=729"}],"curies":[{"name":"wp","href":"https:\/\/api.w.org\/{rel}","templated":true}]}}

Möten i mötet

<p>[et_pb_section bb_built=&#8221;1&#8243;][et_pb_row][et_pb_column type=&#8221;4_4&#8243;][et_pb_text _builder_version=&#8221;3.15&#8243;]</p>
<p style="text-align: center"><strong><span style="font-size: 14pt">Möten i mötet</span></strong></p>
<p><strong>Läkare</strong><br />
• Verksamhetschefs- och professorsmöte: tisdag 27/8, 09:00-11:45. Vingen 3, LDG. Anmälan krävs.<br />
• Ostrix studierektorsmöte: tisdag 27/8, 09:00-11:45. Vingen 4, LDG. Anmälan krävs.<br />
• Frakturregistret- Styrgruppsmöte: Tisdag 27/8 kl 17:00-19:00. Vingen 8, LDG. Inbjudna deltagare.<br />
• Hipsther och Duality-studierna. Uppstartsmöte: onsdag 28/8, 10:30-11:30. Vingen 8, LDG.<br />
• Svensk Ortopedisk Förening årsmöte: torsdag 29/8, 10:00-12:00. De Geerhallen. SOFs medlemmar.<br />
• Svenska Höft och Knäföreningen årsmöte: torsdag 29/8, 11:45-13:00, Vingen 8, LDG. Anmälan krävs.<br />
• Svensk Barnortopedisk förening: torsdag 29/8, 16:30-18:00. Vingen 8, LDG. Inbjudna deltagare.<br />
• Epifysen årsmöte: torsdag 29/8, 18:30- 19:30. Middag 19:30, Östgöta kök, Nya torget. Hospitalsgatan 30. Anmälan krävs.</p>
<p><strong>Övriga yrkeskategorier</strong><br />
• Fysioterapeuternas nätverksträff: torsdag 29/8, 10:15-11:45. Hemerycksalen, LDG.<br />
• Arbetsterapeuter nätverksträff: torsdag 29/8, 10:15-11:45. Vingen 6+7, LDG.<br />
• Föreningen Ortopedisjuksköterskor i Sverige årsmöte: torsdag 29/8, 11:00-12:00. Vingen 3+4, LDG.</p>
<p>[/et_pb_text][/et_pb_column][/et_pb_row][/et_pb_section]</p>

<p>[et_pb_section bb_built=&#8221;1&#8243;][et_pb_row][et_pb_column type=&#8221;4_4&#8243;][et_pb_text _builder_version=&#8221;3.15&#8243;] Möten i mötet Läkare • Verksamhetschefs- och professorsmöte: tisdag 27/8, 09:00-11:45. Vingen 3, LDG. Anmälan krävs. • Ostrix studierektorsmöte: tisdag 27/8, 09:00-11:45. Vingen 4, LDG. Anmälan krävs. • Frakturregistret- Styrgruppsmöte: Tisdag 27/8 kl 17:00-19:00. Vingen 8, LDG. Inbjudna deltagare. • Hipsther och Duality-studierna. Uppstartsmöte: onsdag 28/8, 10:30-11:30. Vingen 8, LDG. • [&hellip;]</p>
