{"id":720,"date":"2019-07-20T20:32:08","date_gmt":"2019-07-20T20:32:08","guid":{"rendered":"http:\/\/www.ortopediveckan.se\/?page_id=720"},"modified":"2019-07-20T20:32:49","modified_gmt":"2019-07-20T20:32:49","slug":"forelasare-posters-info","status":"publish","type":"page","link":"https:\/\/appsinmed.com\/ortopediveckan2019\/forelasare-posters-info\/","title":{"rendered":"F\u00f6rel\u00e4sare\/Posters info"},"content":{"rendered":"<p>[et_pb_section bb_built=&#8221;1&#8243;][et_pb_row][et_pb_column type=&#8221;4_4&#8243;][et_pb_text _builder_version=&#8221;3.15&#8243;]<\/p>\n<p><strong><span style=\"font-size: 14pt\">F\u00f6rel\u00e4sarinstruktioner vetenskapliga programmet<br \/>\n<\/span><\/strong><br \/>\n<strong><span style=\"font-size: 12pt\">Anm\u00e4lan till Ortopediveckan<\/span><\/strong><br \/>\nV\u00e4nligen observera att Du m\u00e5ste anm\u00e4la Dig till m\u00f6tet \u00e5tminstone den dag Du h\u00e5ller Din presentation. Gl\u00f6m inte anm\u00e4la Dig till det sociala programmet! Anm\u00e4lan hittar du h\u00e4r: <a href=\"https:\/\/www.ortopediveckan.se\/anmalan\/\">https:\/\/www.ortopediveckan.se\/anmalan\/<\/a><\/p>\n<p>Anv\u00e4nd knappen \u201dinbjuden f\u00f6rel\u00e4sare\/moderator\/symposiedeltagare\/arrang\u00f6r\u201d.<\/p>\n<p><span style=\"font-size: 12pt\"><strong>Att f\u00f6rbereda Din presentation<\/strong><\/span><br \/>\nInformation om tid f\u00f6r Din presentation har tidigare skickats via mail. Hela vetenskapliga programmet finns ocks\u00e5 tillg\u00e4ngligt p\u00e5 <a href=\"http:\/\/www.ortopediveckan.se\/vetenskapligt-program\/\">www.ortopediveckan.se\/vetenskapligt-program\/<\/a> , samt i appen. Eventuella \u00e4ndringar kommuniceras direkt till f\u00f6rel\u00e4sare och uppdateras p\u00e5 hemsidan\/appen.<\/p>\n<p>Om Du deltar i ett symposium lett av moderator, ha g\u00e4rna en avst\u00e4mning med vederb\u00f6rande veckan innan m\u00f6tet s\u00e5 att moderatorn kan se till att on\u00f6dig \u00f6verlappning inte sker mellan olika f\u00f6redragsh\u00e5llare.<\/p>\n<p>Vi p\u00e5minner om m\u00f6tets tema, \u201dR\u00e4tt patient, p\u00e5 r\u00e4tt s\u00e4tt, p\u00e5 r\u00e4tt plats, vid r\u00e4tt tidpunkt\u201d, och f\u00f6rv\u00e4ntar oss att man kopplar detta till sitt f\u00f6redrag. Fr\u00e5gest\u00e4llningar som v\u00e4cker fr\u00e5gor och debatt v\u00e4lkomnas!<\/p>\n<p>Vid ankomst till Louis de Geer konsert och kongress kommer Du att h\u00e4nvisas till den tekniska supporten f\u00f6r att l\u00e4gga in Din presentation i kongressens system. Detta ska ske minst 60 minuter f\u00f6re utsatt session. Egna datorer f\u00f6r presentation anv\u00e4nds ej. Spara g\u00e4rna Din presentation redan under f\u00f6rberedelserna som: \u201dSALSNAMN_DATUM_TIDPUNKT_EFTERNAMN\u201d.<\/p>\n<p>I varje f\u00f6rel\u00e4sningssal finns projektor och h\u00f6gtalaranl\u00e4ggning. Enklast \u00e4r att ha sin f\u00f6rel\u00e4sning i Microsofts powerpoint-format och lagrat i ett USB-minne. Formatet f\u00f6r presentationer l\u00e4mpar sig b\u00e4st i 16:9, st\u00e4ll in bildpresentationen under fliken \u2019Design &gt;&gt; Utskriftsformat\u2019 och v\u00e4lj 16:9. (Kontrollera att din text inte f\u00f6rsvunnit ur bild, om du tidigare har anv\u00e4nt 4:3-formatet.)<\/p>\n<p>Andra presentationsformat som Prezi och dylikt fungerar inte.<\/p>\n<p>Det kommer att finnas en f\u00f6rel\u00e4sarlounge, f\u00f6lj anvisningarna p\u00e5 plats. Varje symposium\/f\u00f6redrag kommer ha representant fr\u00e5n den lokala organisationen p\u00e5 plats i salen. Vid fr\u00e5gor, kontakta Din kontaktperson i den lokala organisationen f\u00f6r Ortopediveckan 2019.<\/p>\n<p>Vi ser framemot att v\u00e4lkomna dig till Ortopediveckan 2019 i Norrk\u00f6ping!<\/p>\n<p>[\/et_pb_text][\/et_pb_column][\/et_pb_row][et_pb_row][et_pb_column type=&#8221;4_4&#8243;][et_pb_divider _builder_version=&#8221;3.15&#8243; \/][\/et_pb_column][\/et_pb_row][et_pb_row][et_pb_column type=&#8221;4_4&#8243;][et_pb_text _builder_version=&#8221;3.15&#8243;]<\/p>\n<p><strong><span style=\"font-size: 14pt\">F\u00f6rel\u00e4sarinstruktioner \u201dFria f\u00f6redrag\u201d<\/span><\/strong><\/p>\n<p>Har Du \u00e4nnu inte bekr\u00e4ftat eller avb\u00f6jt Din presentation \u00e4r det viktigt att g\u00f6ra det s\u00e5 snart som m\u00f6jligt via tidigare tills\u00e4nd l\u00e4nk till appinconf.com<\/p>\n<p><strong><span style=\"font-size: 12pt\">Anm\u00e4lan till Ortopediveckan<\/span><\/strong><br \/>\nV\u00e4nligen observera att Du m\u00e5ste anm\u00e4la Dig till m\u00f6tet \u00e5tminstone den dag Du h\u00e5ller Din presentation. Gl\u00f6m inte anm\u00e4la Dig till det sociala programmet! Anm\u00e4lan hittar du h\u00e4r: <a href=\"https:\/\/www.ortopediveckan.se\/anmalan\/\">https:\/\/www.ortopediveckan.se\/anmalan\/<\/a><\/p>\n<p><strong><span style=\"font-size: 12pt\">Att f\u00f6rbereda Din presentation<\/span><\/strong><br \/>\nInformation om din presentationstid kommer ocks\u00e5 att vara tillg\u00e4ngligt p\u00e5 <a href=\"http:\/\/www.ortopediveckan.se\">www.ortopediveckan.se<\/a>, under Vetenskapligt Program, samt i appen. <em>V\u00e4nligen notera att \u00e4ndringar i schemat kan p\u00e5verka din presentationstid och du f\u00f6rv\u00e4ntas kolla upp detta via hemsidan eller i appen. Byte av tid kan av schematekniska sk\u00e4l inte erbjudas.<\/em><\/p>\n<p>Varje f\u00f6redrag f\u00f6rv\u00e4ntas vara som l\u00e4ngst 8 minuter, d\u00e4refter f\u00f6ljer 1-2 minuter f\u00f6r fr\u00e5gor. Var noggrann med att h\u00e5lla den utsatta tiden. Du f\u00f6rv\u00e4ntas vara p\u00e5 plats i god tid innan Din schemalagda slot.<\/p>\n<p>Vid ankomst till Louis de Geer konsert och kongress kommer Du att h\u00e4nvisas till den tekniska supporten f\u00f6r att l\u00e4gga in Din presentation i kongressens system. Detta ska ske minst 60 minuter f\u00f6re utsatt slot. Egna datorer f\u00f6r presentation anv\u00e4nds ej. Spara g\u00e4rna Din presentation redan under f\u00f6rberedelserna som: \u201dSALSNAMN_DATUM_TIDPUNKT_EFTERNAMN\u201d.<\/p>\n<p>I varje f\u00f6rel\u00e4sningssal finns projektor och h\u00f6gtalaranl\u00e4ggning. Enklast \u00e4r att ha sin f\u00f6rel\u00e4sning i Microsofts powerpoint-format och lagrat i ett USB-minne. Formatet f\u00f6r presentationer l\u00e4mpar sig b\u00e4st i 16:9, st\u00e4ll in bildpresentationen under fliken \u2019Design &gt;&gt; Utskriftsformat\u2019 och v\u00e4lj 16:9. (Kontrollera att din text inte f\u00f6rsvunnit ur bild, om du tidigare har anv\u00e4nt 4:3-formatet.)<\/p>\n<p>Andra presentationsformat som Prezi och dylikt fungerar inte.<\/p>\n<p>Det kommer att finnas en f\u00f6rel\u00e4sarlounge, f\u00f6lj anvisningarna p\u00e5 plats. Varje symposium\/f\u00f6redrag kommer ha representant fr\u00e5n den lokala organisationen p\u00e5 plats i salen.<\/p>\n<p><strong><span style=\"font-size: 12pt\">Fr\u00e5gor\/\u00c4ndringar\/Dra tillbaka abstract<\/span><\/strong><br \/>\nOm du har fr\u00e5gor ang\u00e5ende ditt abstract, beh\u00f6ver \u00e4ndra presentat\u00f6r eller dra tillbaka ditt abstract, skickar du ett mail till: abstracts.sof2019@appinconf.com. V\u00e4nligen inkludera ditt ID f\u00f6r abstractet vid kontakt.<\/p>\n<p>Vi ser framemot att v\u00e4lkomna dig till Ortopediveckan 2019 i Norrk\u00f6ping!<\/p>\n<p>[\/et_pb_text][\/et_pb_column][\/et_pb_row][et_pb_row][et_pb_column type=&#8221;4_4&#8243;][et_pb_divider _builder_version=&#8221;3.15&#8243; \/][\/et_pb_column][\/et_pb_row][et_pb_row][et_pb_column type=&#8221;4_4&#8243;][et_pb_text _builder_version=&#8221;3.15&#8243;]<\/p>\n<p><span style=\"font-size: 14pt\"><strong>Instruktion &#8220;Poster&#8221;<\/strong><\/span><\/p>\n<p>Har Du \u00e4nnu inte bekr\u00e4ftat eller avb\u00f6jt Din presentation \u00e4r det viktigt att g\u00f6ra det s\u00e5 snart som m\u00f6jligt.<\/p>\n<p><span style=\"font-size: 12pt\"><strong>Anm\u00e4lan<\/strong><\/span><br \/>\nV\u00e4nligen observera att Du m\u00e5ste anm\u00e4la Dig till m\u00f6tet \u00e5tminstone den dag Du h\u00e5ller Din presentation. Gl\u00f6m inte anm\u00e4la Dig till det sociala programmet! Anm\u00e4lan hittar du h\u00e4r: <a href=\"https:\/\/www.ortopediveckan.se\/anmalan\/\">https:\/\/www.ortopediveckan.se\/anmalan\/<\/a><\/p>\n<p><strong><span style=\"font-size: 12pt\">Att f\u00f6rbereda Din poster och posterpresentation<\/span><\/strong><br \/>\nPostern ska vara skriven p\u00e5 svenska eller engelska och vara av storleken A1 st\u00e5ende=841x594mm.<br \/>\nVid tre tillf\u00e4llen under ortopediveckan kommer det att h\u00e5llas postervandringar. Din poster ska presenteras vid ett av dessa tillf\u00e4llen, se tid ovan. Information om din presentationstid kommer ocks\u00e5 att vara tillg\u00e4ngligt p\u00e5 <a href=\"http:\/\/www.ortopediveckan.se\">www.ortopediveckan.se<\/a>, under Vetenskapligt Program, samt i appen. V\u00e4nligen notera att \u00e4ndringar i schemat kan p\u00e5verka din presentationstid och du f\u00f6rv\u00e4ntas kolla upp detta via hemsidan eller i appen.<\/p>\n<p>Varje posterpresentation f\u00f6rv\u00e4ntas vara som l\u00e4ngst 3 minuter, d\u00e4refter f\u00f6ljer 1 minut f\u00f6r fr\u00e5gor. Var noggrann med att h\u00e5lla den utsatta tiden. Du f\u00f6rv\u00e4ntas vara p\u00e5 plats i god tid innan Din schemalagda slot.<\/p>\n<p>Vid ankomst till Louis de Geer konsert och kongress ska du g\u00e5 till posterutst\u00e4llningen och f\u00e4sta din poster p\u00e5 avsatt plats f\u00f6r Din poster, markerat med posternummer.<\/p>\n<p><strong><span style=\"font-size: 12pt\">Fr\u00e5gor\/\u00c4ndringar\/Dra tillbaka abstract<\/span><\/strong><br \/>\nOm du har fr\u00e5gor ang\u00e5ende ditt abstract, beh\u00f6ver \u00e4ndra presentat\u00f6r eller dra tillbaka ditt abstract, skickar du ett mail till: abstracts.sof2019@appinconf.com. V\u00e4nligen inkludera ditt ID f\u00f6r abstractet vid kontakt: [abs_id].<br \/>\nVi ser framemot att v\u00e4lkomna dig till Ortopediveckan 2019 i Norrk\u00f6ping!<\/p>\n<p>[\/et_pb_text][\/et_pb_column][\/et_pb_row][et_pb_row][et_pb_column type=&#8221;4_4&#8243;][et_pb_divider _builder_version=&#8221;3.15&#8243; \/][\/et_pb_column][\/et_pb_row][\/et_pb_section]<\/p>\n","protected":false},"excerpt":{"rendered":"<p>[et_pb_section bb_built=&#8221;1&#8243;][et_pb_row][et_pb_column type=&#8221;4_4&#8243;][et_pb_text _builder_version=&#8221;3.15&#8243;] F\u00f6rel\u00e4sarinstruktioner vetenskapliga programmet Anm\u00e4lan till Ortopediveckan V\u00e4nligen observera att Du m\u00e5ste anm\u00e4la Dig till m\u00f6tet \u00e5tminstone den dag Du h\u00e5ller Din presentation. Gl\u00f6m inte anm\u00e4la Dig till det sociala programmet! Anm\u00e4lan hittar du h\u00e4r: https:\/\/www.ortopediveckan.se\/anmalan\/ Anv\u00e4nd knappen \u201dinbjuden f\u00f6rel\u00e4sare\/moderator\/symposiedeltagare\/arrang\u00f6r\u201d. Att f\u00f6rbereda Din presentation Information om tid f\u00f6r Din presentation har tidigare [&hellip;]<\/p>\n","protected":false},"author":46,"featured_media":0,"parent":0,"menu_order":0,"comment_status":"closed","ping_status":"closed","template":"","meta":{"_et_pb_use_builder":"on","_et_pb_old_content":"","_et_gb_content_width":""},"_links":{"self":[{"href":"https:\/\/appsinmed.com\/ortopediveckan2019\/wp-json\/wp\/v2\/pages\/720"}],"collection":[{"href":"https:\/\/appsinmed.com\/ortopediveckan2019\/wp-json\/wp\/v2\/pages"}],"about":[{"href":"https:\/\/appsinmed.com\/ortopediveckan2019\/wp-json\/wp\/v2\/types\/page"}],"author":[{"embeddable":true,"href":"https:\/\/appsinmed.com\/ortopediveckan2019\/wp-json\/wp\/v2\/users\/46"}],"replies":[{"embeddable":true,"href":"https:\/\/appsinmed.com\/ortopediveckan2019\/wp-json\/wp\/v2\/comments?post=720"}],"version-history":[{"count":5,"href":"https:\/\/appsinmed.com\/ortopediveckan2019\/wp-json\/wp\/v2\/pages\/720\/revisions"}],"predecessor-version":[{"id":725,"href":"https:\/\/appsinmed.com\/ortopediveckan2019\/wp-json\/wp\/v2\/pages\/720\/revisions\/725"}],"wp:attachment":[{"href":"https:\/\/appsinmed.com\/ortopediveckan2019\/wp-json\/wp\/v2\/media?parent=720"}],"curies":[{"name":"wp","href":"https:\/\/api.w.org\/{rel}","templated":true}]}}