{"id":308,"date":"2019-02-09T21:11:13","date_gmt":"2019-02-09T21:11:13","guid":{"rendered":"http:\/\/www.ortopediveckan.se\/?page_id=308"},"modified":"2019-05-16T07:45:34","modified_gmt":"2019-05-16T07:45:34","slug":"hotell","status":"publish","type":"page","link":"https:\/\/appsinmed.com\/ortopediveckan2019\/hotell\/","title":{"rendered":"Hotell"},"content":{"rendered":"<p>[et_pb_section bb_built=&#8221;1&#8243; _builder_version=&#8221;3.0.47&#8243; custom_padding=&#8221;54px|0px|0|0px|false|false&#8221; next_background_color=&#8221;#000000&#8243;][et_pb_row _builder_version=&#8221;3.0.48&#8243; background_size=&#8221;initial&#8221; background_position=&#8221;top_left&#8221; background_repeat=&#8221;repeat&#8221; custom_padding=&#8221;27px|0px|8px|0px|false|false&#8221;][et_pb_column type=&#8221;4_4&#8243;][et_pb_text _builder_version=&#8221;3.15&#8243;]<\/p>\n<p style=\"text-align: center\"><span style=\"color: #000000;font-size: 18pt\">Hotell<\/span><\/p>\n<p>&nbsp;<\/p>\n<p>H\u00e4r finner du information om hotellen vi har ett samarbete med. Du kan i listan \u00f6ver de olika hotellen \u00e4ven se hur du g\u00e5r tillv\u00e4ga f\u00f6r att boka de, f\u00f6r Ortopediveckan, reserverade rummen. P\u00e5 kartan kan du se hur hotellen ligger placerade i f\u00f6rh\u00e5llande till Konferensanl\u00e4ggningen. Anv\u00e4nd ikonen i \u00f6vre v\u00e4nstra h\u00f6rnet f\u00f6r att expandera ut en list-meny d\u00e4r du kan klicka fram de olika Hotellen och andra viktiga platser.<\/p>\n<p>[\/et_pb_text][\/et_pb_column][\/et_pb_row][\/et_pb_section][et_pb_section bb_built=&#8221;1&#8243; _builder_version=&#8221;3.0.47&#8243; custom_padding=&#8221;17px|0px|54px|0px|false|false&#8221; prev_background_color=&#8221;#000000&#8243; next_background_color=&#8221;#000000&#8243;][et_pb_row _builder_version=&#8221;3.0.48&#8243; background_size=&#8221;initial&#8221; background_position=&#8221;top_left&#8221; background_repeat=&#8221;repeat&#8221;][et_pb_column type=&#8221;4_4&#8243;][et_pb_text admin_label=&#8221;Karta&#8221; _builder_version=&#8221;3.15&#8243;]<\/p>\n<style type=\"text\/css\">\r\n       .errordiv { padding:10px; margin:10px; border: 1px solid #555555;color: #000000;background-color: #f8f8f8; width:500px; }#advanced_iframe {visibility:visible;opacity:1;}#ai-layer-div-advanced_iframe p {height:100%;margin:0;padding:0}<\/style><script type=\"text\/javascript\">   var ai_iframe_width_advanced_iframe = 0;   var ai_iframe_height_advanced_iframe = 0;var aiIsIe8=false;\r\nif (typeof aiReadyCallbacks === 'undefined') {\r\n    var aiReadyCallbacks = [];  \r\n} else if (!(aiReadyCallbacks instanceof Array)) {\r\n    var aiReadyCallbacks = [];\r\n}var onloadFiredadvanced_iframe = false;     function aiShowIframe() { jQuery(\"#advanced_iframe\").css(\"visibility\", \"visible\");    }    function aiShowIframeId(id_iframe) { jQuery(\"#\"+id_iframe).css(\"visibility\", \"visible\");    }    function aiResizeIframeHeight(height) { aiResizeIframeHeight(height,advanced_iframe); }    function aiResizeIframeHeightId(height,width,id) {aiResizeIframeHeightById(id,height);}<\/script><iframe id='advanced_iframe'  name='advanced_iframe'  src='https:\/\/www.google.com\/maps\/d\/u\/1\/embed?mid=1lZvpIZxc8mDuzKi-1s0WM3Ks0dC13Fx5'  width='100%'  height='600'  frameborder='0'  border='0'  allowtransparency='true' ><\/iframe><script type=\"text\/javascript\">\r\n          var ifrm_advanced_iframe = document.getElementById(\"advanced_iframe\");var hiddenTabsDoneadvanced_iframe = false;\r\nfunction resizeCallbackadvanced_iframe() {}function aiChangeUrl(loc) {}<\/script>\n<p>[\/et_pb_text][\/et_pb_column][\/et_pb_row][\/et_pb_section][et_pb_section bb_built=&#8221;1&#8243; _builder_version=&#8221;3.15&#8243; custom_padding=&#8221;30px|0px|35px|0px|false|false&#8221; prev_background_color=&#8221;#000000&#8243; next_background_color=&#8221;#000000&#8243; disabled=&#8221;off&#8221; disabled_on=&#8221;off|off|off&#8221;][et_pb_row custom_padding=&#8221;40px|0px|21px|0px|false|false&#8221; _builder_version=&#8221;3.15&#8243; border_radii=&#8221;on|15px|15px|15px|15px&#8221; border_width_all=&#8221;1px&#8221; border_color_all=&#8221;#494949&#8243;][et_pb_column type=&#8221;3_4&#8243;][et_pb_text admin_label=&#8221;Elite Grand&#8221; _builder_version=&#8221;3.15&#8243; custom_padding=&#8221;|||40px&#8221;]<\/p>\n<p><span style=\"font-size: 14pt\">Elite Grand Hotel Norrk\u00f6ping<\/span><\/p>\n<p>Priser 1300 &#8211; 1400:-<br \/>\nCa 15 min promenad till Louis de Geer<\/p>\n<p>Boka via l\u00e4nk\u00a0<a href=\"https:\/\/www.elite.se\/sv\/conference-reservations\/norrkoping\/grand-hotel\/d64d6670-2eeb-436a-ba41-d19f37ef19f2\/\">H\u00c4R<\/a><\/p>\n<p>[\/et_pb_text][\/et_pb_column][et_pb_column type=&#8221;1_4&#8243;][et_pb_image src=&#8221;https:\/\/www.ortopediveckan.se\/wp-content\/uploads\/sites\/48\/2019\/03\/Elite.jpg&#8221; align=&#8221;center&#8221; _builder_version=&#8221;3.15&#8243; custom_padding=&#8221;|20px||20px&#8221; show_in_lightbox=&#8221;on&#8221;]<\/p>\n<p>&nbsp;<\/p>\n<p>[\/et_pb_image][\/et_pb_column][\/et_pb_row][\/et_pb_section][et_pb_section bb_built=&#8221;1&#8243; _builder_version=&#8221;3.15&#8243; custom_padding=&#8221;30px|0px|35px|0px|false|false&#8221; prev_background_color=&#8221;#000000&#8243; next_background_color=&#8221;#000000&#8243; disabled=&#8221;off&#8221; disabled_on=&#8221;off|off|off&#8221;][et_pb_row custom_padding=&#8221;40px|0px|21px|0px|false|false&#8221; _builder_version=&#8221;3.15&#8243; border_radii=&#8221;on|15px|15px|15px|15px&#8221; border_width_all=&#8221;1px&#8221; border_color_all=&#8221;#494949&#8243;][et_pb_column type=&#8221;3_4&#8243;][et_pb_text admin_label=&#8221;Comfort&#8221; _builder_version=&#8221;3.15&#8243; custom_padding=&#8221;|||40px&#8221;]<\/p>\n<p><span style=\"font-size: 14pt\">Comfort Hotel Norrk\u00f6ping<\/span><\/p>\n<p>Priser 800 &#8211; 1000:-<br \/>\nCa 15 min promenad till Louis de Geer<\/p>\n<p>L\u00e4nk till hemsidan <a href=\"https:\/\/www.nordicchoicehotels.se\/hotell\/sverige\/norrkoping\/comfort-hotel-norrkoping\/?gclsrc=aw.ds&amp;&amp;gclid=EAIaIQobChMIj_OQs4mC4QIVGOaaCh1e-wNpEAAYASAAEgKFA_D_BwE\">H\u00c4R.<\/a><br \/>\nVid bokning, uppge kod &#8220;ortopediveckan&#8221;.<\/p>\n<p>[\/et_pb_text][\/et_pb_column][et_pb_column type=&#8221;1_4&#8243;][et_pb_image src=&#8221;https:\/\/www.ortopediveckan.se\/wp-content\/uploads\/sites\/48\/2019\/03\/Comfort.jpg&#8221; align=&#8221;center&#8221; _builder_version=&#8221;3.15&#8243; custom_padding=&#8221;|20px||20px&#8221; show_in_lightbox=&#8221;on&#8221;]<\/p>\n<p>&nbsp;<\/p>\n<p>[\/et_pb_image][\/et_pb_column][\/et_pb_row][\/et_pb_section][et_pb_section bb_built=&#8221;1&#8243; _builder_version=&#8221;3.15&#8243; custom_padding=&#8221;30px|0px|35px|0px|false|false&#8221; prev_background_color=&#8221;#000000&#8243; next_background_color=&#8221;#000000&#8243; disabled=&#8221;off&#8221; disabled_on=&#8221;off|off|off&#8221;][et_pb_row custom_padding=&#8221;40px|0px|21px|0px|false|false&#8221; _builder_version=&#8221;3.15&#8243; border_radii=&#8221;on|15px|15px|15px|15px&#8221; border_width_all=&#8221;1px&#8221; border_color_all=&#8221;#494949&#8243;][et_pb_column type=&#8221;3_4&#8243;][et_pb_text admin_label=&#8221;Scandic City&#8221; _builder_version=&#8221;3.15&#8243; custom_padding=&#8221;|||40px&#8221;]<\/p>\n<p><span style=\"font-size: 14pt\">Scandic Norrk\u00f6ping City<\/span><\/p>\n<p>Priser 1100 &#8211; 1300:-<br \/>\nCa 15 min promenad till Louis de Geer<\/p>\n<p>Boka via l\u00e4nk <a href=\"https:\/\/www.scandichotels.se\/norrkopingcity?bookingcode=BORT260819\">H\u00c4R\u00a0<\/a><br \/>\nEller anv\u00e4nd bokningskod &#8220;BORT260819&#8243;<\/p>\n<p>[\/et_pb_text][\/et_pb_column][et_pb_column type=&#8221;1_4&#8243;][et_pb_image src=&#8221;https:\/\/www.ortopediveckan.se\/wp-content\/uploads\/sites\/48\/2019\/03\/Scandic-City.png&#8221; align=&#8221;center&#8221; _builder_version=&#8221;3.15&#8243; custom_padding=&#8221;|20px||20px&#8221; show_in_lightbox=&#8221;on&#8221;]<\/p>\n<p>&nbsp;<\/p>\n<p>[\/et_pb_image][\/et_pb_column][\/et_pb_row][\/et_pb_section][et_pb_section bb_built=&#8221;1&#8243; _builder_version=&#8221;3.15&#8243; custom_padding=&#8221;30px|0px|35px|0px|false|false&#8221; prev_background_color=&#8221;#000000&#8243; next_background_color=&#8221;#000000&#8243; disabled=&#8221;off&#8221; disabled_on=&#8221;off|off|off&#8221;][et_pb_row custom_padding=&#8221;40px|0px|21px|0px|false|false&#8221; _builder_version=&#8221;3.15&#8243; border_radii=&#8221;on|15px|15px|15px|15px&#8221; border_width_all=&#8221;1px&#8221; border_color_all=&#8221;#494949&#8243;][et_pb_column type=&#8221;3_4&#8243;][et_pb_text admin_label=&#8221;Scandic Nord&#8221; _builder_version=&#8221;3.15&#8243; custom_padding=&#8221;|||40px&#8221;]<\/p>\n<p><span style=\"font-size: 14pt\">Scandic Norrk\u00f6ping Nord<\/span><\/p>\n<p>Priser 1100 &#8211; 1300:-<br \/>\nBuss till Louis de Geer; buss 117 tar ca 18 min.<br \/>\nL\u00e4nk till <a href=\"https:\/\/www.ostgotatrafiken.se\/reseinfo\/planera-din-resa\/tidtabeller\/\">\u00d6stg\u00f6tatrafiken<\/a><\/p>\n<p>Boka via l\u00e4nk <a href=\"https:\/\/www.scandichotels.se\/norrkopingnord?bookingcode=BORT260819\">H\u00c4R\u00a0<\/a><br \/>\nEller anv\u00e4nd bokningskod &#8220;BORT260819&#8243;<\/p>\n<p>[\/et_pb_text][\/et_pb_column][et_pb_column type=&#8221;1_4&#8243;][et_pb_image src=&#8221;https:\/\/www.ortopediveckan.se\/wp-content\/uploads\/sites\/48\/2019\/03\/Scandic-Nord.png&#8221; align=&#8221;center&#8221; _builder_version=&#8221;3.15&#8243; custom_padding=&#8221;|20px||20px&#8221; show_in_lightbox=&#8221;on&#8221;]<\/p>\n<p>&nbsp;<\/p>\n<p>[\/et_pb_image][\/et_pb_column][\/et_pb_row][\/et_pb_section][et_pb_section bb_built=&#8221;1&#8243; _builder_version=&#8221;3.15&#8243; custom_padding=&#8221;30px|0px|35px|0px|false|false&#8221; prev_background_color=&#8221;#000000&#8243; next_background_color=&#8221;#000000&#8243; disabled=&#8221;off&#8221; disabled_on=&#8221;off|off|off&#8221;][et_pb_row custom_padding=&#8221;40px|0px|21px|0px|false|false&#8221; _builder_version=&#8221;3.15&#8243; border_radii=&#8221;on|15px|15px|15px|15px&#8221; border_width_all=&#8221;1px&#8221; border_color_all=&#8221;#494949&#8243;][et_pb_column type=&#8221;3_4&#8243;][et_pb_text admin_label=&#8221;The Lamp Hotel&#8221; _builder_version=&#8221;3.15&#8243; custom_padding=&#8221;|||40px&#8221;]<\/p>\n<p><span style=\"font-size: 14pt\">The Lamp Hotel<\/span><\/p>\n<p>Priser 1500 &#8211; 1700:-<br \/>\nCa 7-8 min promenad till Louis De Geer.<\/p>\n<p>L\u00e4nk till <a href=\"http:\/\/www.thelamphotel.se\/sv\/hotel\">The Lamp Hotel<\/a><br \/>\nBokning via mail;\u00a0<u><a href=\"mailto:info@thelamphotel.se\">info@thelamphotel.se<\/a><\/u> Uppge kod &#8220;ortopediveckan&#8221;.<\/p>\n<p>[\/et_pb_text][\/et_pb_column][et_pb_column type=&#8221;1_4&#8243;][et_pb_image src=&#8221;https:\/\/www.ortopediveckan.se\/wp-content\/uploads\/sites\/48\/2019\/03\/The-Lamp.jpg&#8221; align=&#8221;center&#8221; _builder_version=&#8221;3.15&#8243; custom_padding=&#8221;|20px||20px&#8221; show_in_lightbox=&#8221;on&#8221;]<\/p>\n<p>&nbsp;<\/p>\n<p>[\/et_pb_image][\/et_pb_column][\/et_pb_row][\/et_pb_section][et_pb_section bb_built=&#8221;1&#8243; _builder_version=&#8221;3.15&#8243; custom_padding=&#8221;30px|0px|35px|0px|false|false&#8221; prev_background_color=&#8221;#000000&#8243; next_background_color=&#8221;#000000&#8243; disabled=&#8221;off&#8221; disabled_on=&#8221;off|off|off&#8221;][et_pb_row custom_padding=&#8221;40px|0px|21px|0px|false|false&#8221; _builder_version=&#8221;3.15&#8243; border_radii=&#8221;on|15px|15px|15px|15px&#8221; border_width_all=&#8221;1px&#8221; border_color_all=&#8221;#494949&#8243;][et_pb_column type=&#8221;3_4&#8243;][et_pb_text admin_label=&#8221;Best Western Pricess&#8221; _builder_version=&#8221;3.15&#8243; custom_padding=&#8221;|||40px&#8221;]<\/p>\n<p><span style=\"font-size: 14pt\">Best Western Princess<\/span><\/p>\n<p>Priser 1450-1750:-<br \/>\nCa 4-5 min promenad till Louis De Geer.<\/p>\n<p>Boka via mail; <a href=\"mailto:info@princesshotel.se\">info@princesshotel.se<\/a><\/p>\n<p>[\/et_pb_text][\/et_pb_column][et_pb_column type=&#8221;1_4&#8243;][et_pb_image src=&#8221;https:\/\/www.ortopediveckan.se\/wp-content\/uploads\/sites\/48\/2019\/03\/Best-western-princess-1.jpg&#8221; align=&#8221;center&#8221; _builder_version=&#8221;3.15&#8243; custom_padding=&#8221;|20px||20px&#8221; show_in_lightbox=&#8221;on&#8221;]<\/p>\n<p>&nbsp;<\/p>\n<p>[\/et_pb_image][\/et_pb_column][\/et_pb_row][\/et_pb_section][et_pb_section bb_built=&#8221;1&#8243; _builder_version=&#8221;3.15&#8243; custom_padding=&#8221;30px|0px|35px|0px|false|false&#8221; prev_background_color=&#8221;#000000&#8243; disabled=&#8221;off&#8221; disabled_on=&#8221;off|off|off&#8221; next_background_color=&#8221;#000000&#8243;][et_pb_row custom_padding=&#8221;40px|0px|21px|0px|false|false&#8221; _builder_version=&#8221;3.15&#8243; border_radii=&#8221;on|15px|15px|15px|15px&#8221; border_width_all=&#8221;1px&#8221; border_color_all=&#8221;#494949&#8243;][et_pb_column type=&#8221;3_4&#8243;][et_pb_text admin_label=&#8221;First Hotel Central&#8221; _builder_version=&#8221;3.15&#8243; custom_padding=&#8221;|||40px&#8221;]<\/p>\n<p><span style=\"font-size: 14pt\">First Hotel Central<\/span><\/p>\n<p>Boka via mail eller tel: Telefon: 01149532\u00a0<u><a href=\"mailto:reception.central@firsthotels.se\">reception.central@firsthotels.se<\/a><\/u><br \/>\nUppge kod &#8220;ortopediveckan&#8221;<\/p>\n<p>Priser 850 &#8211; 1100:-<br \/>\nCa 10 min promenad till Louis De Geer.<\/p>\n<p><a href=\"http:\/\/www.firsthotels.se\">www.firsthotels.se<\/a><u><\/u><\/p>\n<p>[\/et_pb_text][\/et_pb_column][et_pb_column type=&#8221;1_4&#8243;][et_pb_image src=&#8221;https:\/\/www.ortopediveckan.se\/wp-content\/uploads\/sites\/48\/2019\/03\/First-hotel-central.jpg&#8221; align=&#8221;center&#8221; _builder_version=&#8221;3.15&#8243; custom_padding=&#8221;|20px||20px&#8221; show_in_lightbox=&#8221;on&#8221;]<\/p>\n<p>&nbsp;<\/p>\n<p>[\/et_pb_image][\/et_pb_column][\/et_pb_row][\/et_pb_section][et_pb_section bb_built=&#8221;1&#8243; _builder_version=&#8221;3.15&#8243; custom_padding=&#8221;30px|0px|35px|0px|false|false&#8221; prev_background_color=&#8221;#000000&#8243; disabled=&#8221;off&#8221; disabled_on=&#8221;off|off|off&#8221; next_background_color=&#8221;#000000&#8243;][et_pb_row custom_padding=&#8221;40px|0px|21px|0px|false|false&#8221; _builder_version=&#8221;3.15&#8243; border_radii=&#8221;on|15px|15px|15px|15px&#8221; border_width_all=&#8221;1px&#8221; border_color_all=&#8221;#494949&#8243;][et_pb_column type=&#8221;3_4&#8243;][et_pb_text admin_label=&#8221;Hotel President&#8221; _builder_version=&#8221;3.15&#8243; custom_padding=&#8221;|||40px&#8221;]<\/p>\n<p><span style=\"font-size: 14pt\">Hotel President<br \/>\n<\/span><\/p>\n<p>L\u00e4nk till Hotellets hemsida <a href=\"https:\/\/ligula.se\/profilhotels\/hotel-president\/\">H\u00c4R<\/a>.<\/p>\n<p>BOKA via mail: <a href=\"mailto:hotelpresident@profilhotels.se\">hotelpresident@profilhotels.se<\/a><br \/>\nUppge kod &#8220;ortopediveckan&#8221;<\/p>\n<p>Priser ca 900:-<br \/>\nCa 15 min promenad till Louis de Geer<\/p>\n<p>[\/et_pb_text][\/et_pb_column][et_pb_column type=&#8221;1_4&#8243;][et_pb_image src=&#8221;https:\/\/www.ortopediveckan.se\/wp-content\/uploads\/sites\/48\/2019\/03\/President.jpg&#8221; align=&#8221;center&#8221; _builder_version=&#8221;3.15&#8243; custom_padding=&#8221;|20px||20px&#8221; show_in_lightbox=&#8221;on&#8221;]<\/p>\n<p>&nbsp;<\/p>\n<p>[\/et_pb_image][\/et_pb_column][\/et_pb_row][\/et_pb_section][et_pb_section bb_built=&#8221;1&#8243; _builder_version=&#8221;3.15&#8243; custom_padding=&#8221;30px|0px|35px|0px|false|false&#8221; prev_background_color=&#8221;#000000&#8243; disabled=&#8221;off&#8221; disabled_on=&#8221;off|off|off&#8221; next_background_color=&#8221;#000000&#8243;][et_pb_row custom_padding=&#8221;40px|0px|21px|0px|false|false&#8221; _builder_version=&#8221;3.15&#8243; border_radii=&#8221;on|15px|15px|15px|15px&#8221; border_width_all=&#8221;1px&#8221; border_color_all=&#8221;#494949&#8243;][et_pb_column type=&#8221;3_4&#8243;][et_pb_text admin_label=&#8221;Hotel Centric&#8221; _builder_version=&#8221;3.15&#8243; custom_padding=&#8221;|||40px&#8221;]<\/p>\n<p><span style=\"font-size: 14pt\">Hotel Centric<br \/>\n<\/span><\/p>\n<p>L\u00e4nk till Hotellets hemsida <a href=\"http:\/\/www.centrichotel.se\">H\u00c4R<\/a>.<\/p>\n<p>BOKA via mail: <a href=\"mailto:bokning@centrichotel.se\">hotelpresident@profilhotels.se<\/a><br \/>\nUppge kod &#8220;ortopediveckan&#8221;<\/p>\n<p>Priser 800-1100:-<br \/>\nCa 5-7 min promenad till Louis de Geer<\/p>\n<p>[\/et_pb_text][\/et_pb_column][et_pb_column type=&#8221;1_4&#8243;][et_pb_image src=&#8221;https:\/\/www.ortopediveckan.se\/wp-content\/uploads\/sites\/48\/2019\/03\/Centric.jpg&#8221; align=&#8221;center&#8221; _builder_version=&#8221;3.15&#8243; custom_padding=&#8221;|20px||20px&#8221; show_in_lightbox=&#8221;on&#8221;]<\/p>\n<p>&nbsp;<\/p>\n<p>[\/et_pb_image][\/et_pb_column][\/et_pb_row][\/et_pb_section][et_pb_section bb_built=&#8221;1&#8243; _builder_version=&#8221;3.15&#8243; custom_padding=&#8221;30px|0px|35px|0px|false|false&#8221; prev_background_color=&#8221;#000000&#8243; disabled=&#8221;off&#8221; disabled_on=&#8221;off|off|off&#8221; next_background_color=&#8221;#000000&#8243;][et_pb_row custom_padding=&#8221;40px|0px|21px|0px|false|false&#8221; _builder_version=&#8221;3.15&#8243; border_radii=&#8221;on|15px|15px|15px|15px&#8221; border_width_all=&#8221;1px&#8221; border_color_all=&#8221;#494949&#8243;][et_pb_column type=&#8221;3_4&#8243;][et_pb_text admin_label=&#8221;Hotel Nordic&#8221; _builder_version=&#8221;3.15&#8243; custom_padding=&#8221;|||40px&#8221;]<\/p>\n<p><span style=\"font-size: 14pt\">Hotel Nordic<\/span><\/p>\n<p>Uppge kod &#8220;ortopediveckan&#8221; vid bokning.<br \/>\nBoka p\u00e5 telefonnummer\u00a0011-4700047 eller via mail: <a href=\"mailto:info@hotelnordic.se\">info@hotelnordic.se<\/a><\/p>\n<p>Priser ca 900:-<br \/>\nCa 20 min promenad fr\u00e5n Louis de Geer<\/p>\n<p>[\/et_pb_text][\/et_pb_column][et_pb_column type=&#8221;1_4&#8243;][et_pb_image src=&#8221;https:\/\/www.ortopediveckan.se\/wp-content\/uploads\/sites\/48\/2019\/03\/Nordic.jpg&#8221; align=&#8221;center&#8221; _builder_version=&#8221;3.15&#8243; custom_padding=&#8221;20px|20px||20px&#8221; show_in_lightbox=&#8221;on&#8221;]<\/p>\n<p>&nbsp;<\/p>\n<p>[\/et_pb_image][\/et_pb_column][\/et_pb_row][\/et_pb_section][et_pb_section bb_built=&#8221;1&#8243; _builder_version=&#8221;3.15&#8243; custom_padding=&#8221;30px|0px|35px|0px|false|false&#8221; prev_background_color=&#8221;#000000&#8243; disabled=&#8221;off&#8221; disabled_on=&#8221;off|off|off&#8221; next_background_color=&#8221;#000000&#8243;][et_pb_row custom_padding=&#8221;40px|0px|21px|0px|false|false&#8221; _builder_version=&#8221;3.15&#8243; border_radii=&#8221;on|15px|15px|15px|15px&#8221; border_width_all=&#8221;1px&#8221; border_color_all=&#8221;#494949&#8243;][et_pb_column type=&#8221;3_4&#8243;][et_pb_text admin_label=&#8221;S\u00f6derk\u00f6pings Brunn&#8221; _builder_version=&#8221;3.15&#8243; custom_padding=&#8221;|||40px&#8221;]<\/p>\n<p><span style=\"font-size: 14pt\">S\u00f6derk\u00f6pings Brunn<br \/>\n<\/span><\/p>\n<p>L\u00e4nk till Hotellets hemsida <a href=\"http:\/\/soderkopingsbrunn.se\/\">H\u00c4R<\/a>.<\/p>\n<p>Boka via l\u00e4nk <a href=\"http:\/\/online.techotel.dk\/domino.aspx?hotelid=24901&amp;lang=sv\">H\u00c4R<\/a>. Eller s\u00e5 kan du maila till hotellet och uppge kod &#8220;ortopediveckan&#8221; vid bokning. Skicka mail till\u00a0<a href=\"mailto:info@sbrunn.se\">info@sbrunn.se<\/a><\/p>\n<p>Priser ca 1900:-<br \/>\nS\u00f6derk\u00f6ping ligger ca 16 km s\u00f6der om Norrk\u00f6ping. Det tar ca 20 min med bil. Buss 450, 459 eller snabb buss 445<br \/>\n<a href=\"https:\/\/www.ostgotatrafiken.se\/reseinfo\/planera-din-resa\/tidtabeller\/\">https:\/\/www.ostgotatrafiken.se\/reseinfo\/planera-din-resa\/tidtabeller\/<\/a><\/p>\n<p>[\/et_pb_text][\/et_pb_column][et_pb_column type=&#8221;1_4&#8243;][et_pb_image src=&#8221;https:\/\/www.ortopediveckan.se\/wp-content\/uploads\/sites\/48\/2019\/03\/s\u00f6derk\u00f6pings-brunn.jpg&#8221; align=&#8221;center&#8221; _builder_version=&#8221;3.15&#8243; custom_padding=&#8221;30px|20px||20px&#8221; show_in_lightbox=&#8221;on&#8221;]<\/p>\n<p>&nbsp;<\/p>\n<p>[\/et_pb_image][\/et_pb_column][\/et_pb_row][\/et_pb_section][et_pb_section bb_built=&#8221;1&#8243; _builder_version=&#8221;3.15&#8243; custom_padding=&#8221;30px|0px|35px|0px|false|false&#8221; prev_background_color=&#8221;#000000&#8243; disabled=&#8221;off&#8221; disabled_on=&#8221;off|off|off&#8221;][et_pb_row custom_padding=&#8221;40px|0px|21px|0px|false|false&#8221; _builder_version=&#8221;3.15&#8243; border_radii=&#8221;on|15px|15px|15px|15px&#8221; border_width_all=&#8221;1px&#8221; border_color_all=&#8221;#494949&#8243;][et_pb_column type=&#8221;3_4&#8243;][et_pb_text admin_label=&#8221;Pronova&#8221; _builder_version=&#8221;3.15&#8243; custom_padding=&#8221;|||40px&#8221;]<\/p>\n<p><span style=\"font-size: 14pt\">Pronova<br \/>\n<\/span><\/p>\n<p>L\u00e4nk till Hotellets hemsida <a href=\"https:\/\/www.pronovahostel.se\/sv-SE\">H\u00c4R<\/a>.<\/p>\n<p>Boka via tel 011 \u201013 20 00 uppge kod &#8220;ortopediveckan&#8221;.<\/p>\n<p>Priser enkelrum med delad dusch &amp; wc: fr\u00e5n 545:-\/natt<br \/>\nDubbelrum med dusch &amp; wc: fr\u00e5n 895:-\/natt \u00a0(1 pers:\u00a0 fr\u00e5n 695:-\/natt)<\/p>\n<p>Ca 5 min promenad till Louis de Geer<\/p>\n<p>[\/et_pb_text][\/et_pb_column][et_pb_column type=&#8221;1_4&#8243;][et_pb_image src=&#8221;https:\/\/www.ortopediveckan.se\/wp-content\/uploads\/sites\/48\/2019\/03\/Pronova.jpg&#8221; align=&#8221;center&#8221; _builder_version=&#8221;3.15&#8243; custom_padding=&#8221;20px|20px||20px&#8221; show_in_lightbox=&#8221;on&#8221;]<\/p>\n<p>&nbsp;<\/p>\n<p>[\/et_pb_image][\/et_pb_column][\/et_pb_row][\/et_pb_section]<\/p>\n","protected":false},"excerpt":{"rendered":"<p>[et_pb_section bb_built=&#8221;1&#8243; _builder_version=&#8221;3.0.47&#8243; custom_padding=&#8221;54px|0px|0|0px|false|false&#8221; next_background_color=&#8221;#000000&#8243;][et_pb_row _builder_version=&#8221;3.0.48&#8243; background_size=&#8221;initial&#8221; background_position=&#8221;top_left&#8221; background_repeat=&#8221;repeat&#8221; custom_padding=&#8221;27px|0px|8px|0px|false|false&#8221;][et_pb_column type=&#8221;4_4&#8243;][et_pb_text _builder_version=&#8221;3.15&#8243;] Hotell &nbsp; H\u00e4r finner du information om hotellen vi har ett samarbete med. Du kan i listan \u00f6ver de olika hotellen \u00e4ven se hur du g\u00e5r tillv\u00e4ga f\u00f6r att boka de, f\u00f6r Ortopediveckan, reserverade rummen. P\u00e5 kartan kan du se hur hotellen ligger [&hellip;]<\/p>\n","protected":false},"author":46,"featured_media":0,"parent":0,"menu_order":0,"comment_status":"closed","ping_status":"closed","template":"","meta":{"_et_pb_use_builder":"on","_et_pb_old_content":"","_et_gb_content_width":""},"_links":{"self":[{"href":"https:\/\/appsinmed.com\/ortopediveckan2019\/wp-json\/wp\/v2\/pages\/308"}],"collection":[{"href":"https:\/\/appsinmed.com\/ortopediveckan2019\/wp-json\/wp\/v2\/pages"}],"about":[{"href":"https:\/\/appsinmed.com\/ortopediveckan2019\/wp-json\/wp\/v2\/types\/page"}],"author":[{"embeddable":true,"href":"https:\/\/appsinmed.com\/ortopediveckan2019\/wp-json\/wp\/v2\/users\/46"}],"replies":[{"embeddable":true,"href":"https:\/\/appsinmed.com\/ortopediveckan2019\/wp-json\/wp\/v2\/comments?post=308"}],"version-history":[{"count":19,"href":"https:\/\/appsinmed.com\/ortopediveckan2019\/wp-json\/wp\/v2\/pages\/308\/revisions"}],"predecessor-version":[{"id":359,"href":"https:\/\/appsinmed.com\/ortopediveckan2019\/wp-json\/wp\/v2\/pages\/308\/revisions\/359"}],"wp:attachment":[{"href":"https:\/\/appsinmed.com\/ortopediveckan2019\/wp-json\/wp\/v2\/media?parent=308"}],"curies":[{"name":"wp","href":"https:\/\/api.w.org\/{rel}","templated":true}]}}