
{"id":983,"date":"2018-03-21T13:19:28","date_gmt":"2018-03-21T13:19:28","guid":{"rendered":"http:\/\/www.ortopediveckan.se\/?page_id=983"},"modified":"2018-03-22T13:32:02","modified_gmt":"2018-03-22T13:32:02","slug":"underbensfrakturer","status":"publish","type":"page","link":"https:\/\/appsinmed.com\/ortopediveckan2018\/kurser\/underbensfrakturer\/","title":{"rendered":"Underbensfrakturer"},"content":{"rendered":"<p>[et_pb_section fb_built=&#8221;1&#8243; _builder_version=&#8221;3.0.47&#8243;][et_pb_row _builder_version=&#8221;3.0.47&#8243; background_size=&#8221;initial&#8221; background_position=&#8221;top_left&#8221; background_repeat=&#8221;repeat&#8221;][et_pb_column type=&#8221;4_4&#8243; _builder_version=&#8221;3.0.47&#8243; parallax=&#8221;off&#8221; parallax_method=&#8221;on&#8221;][et_pb_post_title meta=&#8221;off&#8221; featured_image=&#8221;off&#8221; _builder_version=&#8221;3.0.72&#8243; title_font_size=&#8221;35px&#8221;][\/et_pb_post_title][et_pb_text _builder_version=&#8221;3.0.72&#8243;]<\/p>\n<p><strong>Titel:<\/strong><br \/> Underbensfrakturer<\/p>\n<p><strong>Delm\u00e5l:<\/strong><br \/> Del av delm\u00e5l c4.<\/p>\n<p><strong>Omfattning:<\/strong><br \/>5+1,5 timmar<\/p>\n<p><strong>Tid:<\/strong><br \/>Kurs &#8220;Underbensfrakturer&#8221;. M\u00e5ndag 27\/8, kl 13.00\u201318.00<\/p>\n<p>Middag. M\u00e5ndag kv\u00e4ll 27\/8.<\/p>\n<p><strong style=\"font-size: 14px\">Ansvarig:<\/strong><\/p>\n<p>Kursansvarig: Peter Str\u00f6m, UAS, Uppsala<\/p>\n<p>F\u00f6rel\u00e4sare: Anna Ekman, S\u00d6S, Stockholm. Anders Enocson, Karolinska Sjukhuset, Stockholm.<\/p>\n<p><strong>Inneh\u00e5ll:<\/strong><\/p>\n<p>Underbensfrakturer i teori och praktik. F\u00f6rel\u00e4sningar om proximala, diafys\u00e4ra och distala underbensfrakturer. Fokus f\u00f6r kursen ligger p\u00e5 det praktiskt kirurgiska, tips och trix att ta med dig hem och applicera i din kliniska vardag. Hur g\u00f6r du vid m\u00e4rgspikning av proximala respektive distala underbensfrakturer? Hur behandlar du b\u00e4st tibiakondyl- och pilonfrakturer?<\/p>\n<p>I samarbete med Stryker erbjuder kursen \u00e4ven workshops i form av m\u00e4rgspikning\u00a0med suprapatell\u00e4r approach vid diafys\u00e4r tibiafraktur, och lateral plattosteosyntes vid proximal tibiafraktur.<\/p>\n<p>Vi v\u00e4nder oss med denna kurs i f\u00f6rsta hand till ST-l\u00e4kare och nyblivna specialister, men kursinneh\u00e5llet passar \u00e4ven utm\u00e4rkt f\u00f6r mer erfarna kollegor som vill uppdatera sina kunskaper i frakturkirurgi.<\/p>\n<p>Deltagande ST-l\u00e4kare erh\u00e5ller med denna kurs ett intyg f\u00f6r del av delm\u00e5l c4.<\/p>\n<p><strong>Pris:<\/strong><\/p>\n<p>750 kr exkl moms<\/p>\n<p><strong>Kurssponsor:<\/strong><br \/> Stryker<\/p>\n<p>[\/et_pb_text][\/et_pb_column][\/et_pb_row][\/et_pb_section][et_pb_section fb_built=&#8221;1&#8243; fullwidth=&#8221;on&#8221; _builder_version=&#8221;3.0.47&#8243;][et_pb_fullwidth_image src=&#8221;http:\/\/www.ortopediveckan.se\/wp-content\/uploads\/sites\/37\/2018\/01\/sof_wave_high_res.png&#8221; _builder_version=&#8221;3.0.72&#8243; global_module=&#8221;445&#8243; saved_tabs=&#8221;all&#8221;][\/et_pb_fullwidth_image][\/et_pb_section]<\/p>\n","protected":false},"excerpt":{"rendered":"<p>[et_pb_section fb_built=&#8221;1&#8243; _builder_version=&#8221;3.0.47&#8243;][et_pb_row _builder_version=&#8221;3.0.47&#8243; background_size=&#8221;initial&#8221; background_position=&#8221;top_left&#8221; background_repeat=&#8221;repeat&#8221;][et_pb_column type=&#8221;4_4&#8243; _builder_version=&#8221;3.0.47&#8243; parallax=&#8221;off&#8221; parallax_method=&#8221;on&#8221;][et_pb_post_title meta=&#8221;off&#8221; featured_image=&#8221;off&#8221; _builder_version=&#8221;3.0.72&#8243; title_font_size=&#8221;35px&#8221;][\/et_pb_post_title][et_pb_text _builder_version=&#8221;3.0.72&#8243;] Titel: Underbensfrakturer Delm\u00e5l: Del av delm\u00e5l c4. Omfattning:5+1,5 timmar Tid:Kurs &#8220;Underbensfrakturer&#8221;. M\u00e5ndag 27\/8, kl 13.00\u201318.00 Middag. M\u00e5ndag kv\u00e4ll 27\/8. Ansvarig: Kursansvarig: Peter Str\u00f6m, UAS, Uppsala F\u00f6rel\u00e4sare: Anna Ekman, S\u00d6S, Stockholm. Anders Enocson, Karolinska Sjukhuset, Stockholm. Inneh\u00e5ll: Underbensfrakturer i teori [&hellip;]<\/p>\n","protected":false},"author":1,"featured_media":0,"parent":724,"menu_order":0,"comment_status":"closed","ping_status":"closed","template":"","meta":{"_et_pb_use_builder":"on","_et_pb_old_content":"","_et_gb_content_width":""},"_links":{"self":[{"href":"https:\/\/appsinmed.com\/ortopediveckan2018\/wp-json\/wp\/v2\/pages\/983"}],"collection":[{"href":"https:\/\/appsinmed.com\/ortopediveckan2018\/wp-json\/wp\/v2\/pages"}],"about":[{"href":"https:\/\/appsinmed.com\/ortopediveckan2018\/wp-json\/wp\/v2\/types\/page"}],"author":[{"embeddable":true,"href":"https:\/\/appsinmed.com\/ortopediveckan2018\/wp-json\/wp\/v2\/users\/1"}],"replies":[{"embeddable":true,"href":"https:\/\/appsinmed.com\/ortopediveckan2018\/wp-json\/wp\/v2\/comments?post=983"}],"version-history":[{"count":7,"href":"https:\/\/appsinmed.com\/ortopediveckan2018\/wp-json\/wp\/v2\/pages\/983\/revisions"}],"predecessor-version":[{"id":1103,"href":"https:\/\/appsinmed.com\/ortopediveckan2018\/wp-json\/wp\/v2\/pages\/983\/revisions\/1103"}],"up":[{"embeddable":true,"href":"https:\/\/appsinmed.com\/ortopediveckan2018\/wp-json\/wp\/v2\/pages\/724"}],"wp:attachment":[{"href":"https:\/\/appsinmed.com\/ortopediveckan2018\/wp-json\/wp\/v2\/media?parent=983"}],"curies":[{"name":"wp","href":"https:\/\/api.w.org\/{rel}","templated":true}]}}