
{"id":859,"date":"2018-03-20T18:06:05","date_gmt":"2018-03-20T18:06:05","guid":{"rendered":"http:\/\/www.ortopediveckan.se\/?page_id=859"},"modified":"2018-03-22T16:16:01","modified_gmt":"2018-03-22T16:16:01","slug":"visit-karlstad","status":"publish","type":"page","link":"https:\/\/appsinmed.com\/ortopediveckan2018\/visit-karlstad\/","title":{"rendered":"Visit Karlstad"},"content":{"rendered":"<p>[et_pb_section fb_built=&#8221;1&#8243; _builder_version=&#8221;3.0.47&#8243;][et_pb_row _builder_version=&#8221;3.0.47&#8243; background_size=&#8221;initial&#8221; background_position=&#8221;top_left&#8221; background_repeat=&#8221;repeat&#8221;][et_pb_column type=&#8221;4_4&#8243; _builder_version=&#8221;3.0.47&#8243; parallax=&#8221;off&#8221; parallax_method=&#8221;on&#8221;][et_pb_text _builder_version=&#8221;3.0.72&#8243;]<\/p>\n<div class=\"mw-body\" id=\"content\" role=\"main\">\n<div class=\"mw-body-content\" id=\"bodyContent\">\n<div class=\"mw-content-ltr\" id=\"mw-content-text\" lang=\"sv\" dir=\"ltr\">\n<div class=\"mw-parser-output\">\n<p>Karlstad ligger\u00a0vid Klar\u00e4lvens mynning p\u00e5 V\u00e4nerns norra strand. Karlstad \u00e4r Sveriges 17:e st\u00f6rsta t\u00e4tort\u00a0<span style=\"color: #000000\"><\/span>med cirka 62.000\u00a0inv\u00e5nare och \u00e4r centralort i V\u00e4rmland med cirka 320.000 inv\u00e5nare. Karlstad fick stadsr\u00e4ttigheter av Karl IX, som \u00e4ven namngav staden, 1584.<\/p>\n<p>Karlstad \u00e4r en stad med n\u00e4ra till vatten och skog. Naturen \u00e4r aldrig l\u00e5ngt bort och det f\u00e4rgar stadens utbud av aktiviteter. Karlstads stadsk\u00e4rna har samtidigt ett rikt utbud av handel, n\u00f6jen, sport, kultur samt flera gymnasieskolor och ett universitet.<\/p>\n<p>Om du vill veta mer om vad Karlstad erbjuder just f\u00f6r tillf\u00e4llet, eller helt enkelt vill l\u00e4ra dig mer om v\u00e5r stad och v\u00e5rt landskap s\u00e5 kan du bes\u00f6ka Visit Karlstad. Klicka d\u00e5 p\u00e5 l\u00e4nken nedan.<\/p>\n<p>&nbsp;<\/p>\n<\/div>\n<\/div>\n<\/div>\n<\/div>\n<p><a href=\"https:\/\/www.visitkarlstad.se\/sv\">https:\/\/www.visitkarlstad.se\/sv<\/a><\/p>\n<p>[\/et_pb_text][\/et_pb_column][\/et_pb_row][\/et_pb_section][et_pb_section fb_built=&#8221;1&#8243; fullwidth=&#8221;on&#8221; _builder_version=&#8221;3.0.47&#8243;][et_pb_fullwidth_image src=&#8221;http:\/\/www.ortopediveckan.se\/wp-content\/uploads\/sites\/37\/2018\/01\/sof_wave_high_res.png&#8221; _builder_version=&#8221;3.0.72&#8243; global_module=&#8221;445&#8243; saved_tabs=&#8221;all&#8221;][\/et_pb_fullwidth_image][\/et_pb_section]<\/p>\n","protected":false},"excerpt":{"rendered":"<p>[et_pb_section fb_built=&#8221;1&#8243; _builder_version=&#8221;3.0.47&#8243;][et_pb_row _builder_version=&#8221;3.0.47&#8243; background_size=&#8221;initial&#8221; background_position=&#8221;top_left&#8221; background_repeat=&#8221;repeat&#8221;][et_pb_column type=&#8221;4_4&#8243; _builder_version=&#8221;3.0.47&#8243; parallax=&#8221;off&#8221; parallax_method=&#8221;on&#8221;][et_pb_text _builder_version=&#8221;3.0.72&#8243;] Karlstad ligger\u00a0vid Klar\u00e4lvens mynning p\u00e5 V\u00e4nerns norra strand. Karlstad \u00e4r Sveriges 17:e st\u00f6rsta t\u00e4tort\u00a0med cirka 62.000\u00a0inv\u00e5nare och \u00e4r centralort i V\u00e4rmland med cirka 320.000 inv\u00e5nare. Karlstad fick stadsr\u00e4ttigheter av Karl IX, som \u00e4ven namngav staden, 1584. Karlstad \u00e4r en stad med n\u00e4ra till [&hellip;]<\/p>\n","protected":false},"author":1,"featured_media":0,"parent":0,"menu_order":0,"comment_status":"closed","ping_status":"closed","template":"","meta":{"_et_pb_use_builder":"on","_et_pb_old_content":"","_et_gb_content_width":""},"_links":{"self":[{"href":"https:\/\/appsinmed.com\/ortopediveckan2018\/wp-json\/wp\/v2\/pages\/859"}],"collection":[{"href":"https:\/\/appsinmed.com\/ortopediveckan2018\/wp-json\/wp\/v2\/pages"}],"about":[{"href":"https:\/\/appsinmed.com\/ortopediveckan2018\/wp-json\/wp\/v2\/types\/page"}],"author":[{"embeddable":true,"href":"https:\/\/appsinmed.com\/ortopediveckan2018\/wp-json\/wp\/v2\/users\/1"}],"replies":[{"embeddable":true,"href":"https:\/\/appsinmed.com\/ortopediveckan2018\/wp-json\/wp\/v2\/comments?post=859"}],"version-history":[{"count":3,"href":"https:\/\/appsinmed.com\/ortopediveckan2018\/wp-json\/wp\/v2\/pages\/859\/revisions"}],"predecessor-version":[{"id":1120,"href":"https:\/\/appsinmed.com\/ortopediveckan2018\/wp-json\/wp\/v2\/pages\/859\/revisions\/1120"}],"wp:attachment":[{"href":"https:\/\/appsinmed.com\/ortopediveckan2018\/wp-json\/wp\/v2\/media?parent=859"}],"curies":[{"name":"wp","href":"https:\/\/api.w.org\/{rel}","templated":true}]}}