
{"id":726,"date":"2018-03-18T20:36:09","date_gmt":"2018-03-18T20:36:09","guid":{"rendered":"http:\/\/www.ortopediveckan.se\/?page_id=726"},"modified":"2018-03-21T07:21:36","modified_gmt":"2018-03-21T07:21:36","slug":"workshops","status":"publish","type":"page","link":"https:\/\/appsinmed.com\/ortopediveckan2018\/workshops\/","title":{"rendered":"Workshops"},"content":{"rendered":"<p>[et_pb_section fb_built=&#8221;1&#8243; _builder_version=&#8221;3.0.47&#8243;][et_pb_row _builder_version=&#8221;3.0.47&#8243; background_size=&#8221;initial&#8221; background_position=&#8221;top_left&#8221; background_repeat=&#8221;repeat&#8221;][et_pb_column type=&#8221;4_4&#8243; _builder_version=&#8221;3.0.47&#8243; parallax=&#8221;off&#8221; parallax_method=&#8221;on&#8221;][et_pb_post_title meta=&#8221;off&#8221; featured_image=&#8221;off&#8221; _builder_version=&#8221;3.0.72&#8243; title_font_size=&#8221;35px&#8221;][\/et_pb_post_title][et_pb_text _builder_version=&#8221;3.0.72&#8243;]<\/p>\n<p><b>Workshop Klinisk- och ultraljudsledd unders\u00f6kning av fot och ankel.<\/b><\/p>\n<ul>\n<li style=\"font-weight: 400\"><span style=\"font-weight: 400\">Ortopederna Dick Larsson och Bertil Romanus g\u00e5r i samarbete med sjukgymnasten och specialisten inom ultraljudsdiagnostik, Lars Ankarberg, igenom unders\u00f6kningsteknik av fot och ankel. Workshopen \u00e4r gratis f\u00f6r deltagare p\u00e5 m\u00f6tet och riktar sig i f\u00f6rsta hand till l\u00e4kare och fysioterapeuter. \u00d6vriga \u00e4r v\u00e4lkomna i m\u00e5n av plats. Antalet deltagare \u00e4r begr\u00e4nsat, anm\u00e4lan beh\u00f6vs. Vid behov kan sessionen ut\u00f6kas.<br \/><\/span><\/li>\n<\/ul>\n<p><span style=\"font-weight: 400\">\u00a0 \u00a0 Onsdag 10:45-11:45<\/span><\/p>\n<p><span style=\"font-weight: 400\"><\/span><\/p>\n<p><b>Workshop Klinisk- och ultraljudsledd unders\u00f6kning av kn\u00e4.<\/b><span style=\"font-weight: 400\"> \u00a0\u00a0\u00a0\u00a0\u00a0\u00a0\u00a0\u00a0\u00a0\u00a0\u00a0\u00a0\u00a0\u00a0\u00a0\u00a0\u00a0\u00a0\u00a0\u00a0\u00a0\u00a0\u00a0\u00a0<\/span><\/p>\n<ul>\n<li style=\"font-weight: 400\"><span style=\"font-weight: 400\">Magnus Forssberg, ortoped med specialintresse f\u00f6r det mjuka kn\u00e4et g\u00e5r i samarbete med sjukgymnasten och specialisten inom ultraljudsdiagnostik, Lars Ankarberg, igenom unders\u00f6kningsteknik. Workshopen \u00e4r gratis f\u00f6r deltagare p\u00e5 m\u00f6tet och riktar sig i f\u00f6rsta hand till l\u00e4kare och fysioterapeuter. \u00d6vriga \u00e4r v\u00e4lkomna i m\u00e5n av plats. Antalet deltagare \u00e4r begr\u00e4nsat, anm\u00e4lan beh\u00f6vs. Vid behov kan sessionen ut\u00f6kas.<\/span><\/li>\n<\/ul>\n<p><span style=\"font-weight: 400\">\u00a0 \u00a0 Onsdag 13:00-14:00<\/span><\/p>\n<p><span style=\"font-weight: 400\"><\/span><\/p>\n<p><b>Workshop Implantatr\u00f6relse.<\/b><\/p>\n<ul>\n<li style=\"font-weight: 400\"><span style=\"font-weight: 400\">Professor Lars Weidenhjelm. \u201dDatortomografisk metod f\u00f6r att m\u00e4ta sm\u00e5 implantatr\u00f6relser\u201d. Ortopediska implantat, till exempel proteser, skruvar och stag, m\u00e5ste sitta fast ordentligt i patientens skelett f\u00f6r att fungera. Sitter det inte fast kan detta leda till sm\u00e4rta och s\u00e4mre r\u00f6rlighet. Benv\u00e4vnaden kan ocks\u00e5 f\u00f6rst\u00f6ras mer och mer, vilket kan g\u00f6ra att implantatet lossnar och att en sv\u00e5r omoperation beh\u00f6ver g\u00f6ras. Idag \u00e4r det inte m\u00f6jligt f\u00f6r sjukv\u00e5rden att kort efter operationen, innan st\u00f6rre problem har uppst\u00e5tt, avg\u00f6ra om ett implantat \u00e4r l\u00f6st utan ytterligare ett kirurgiskt ingrepp. Svensk forskning har utarbetat en metod f\u00f6r att m\u00e4ta sm\u00e5 implantatr\u00f6relser, och PRECIIS kommer att kombinera den modern 3D-r\u00f6ntgen (datortomografi) f\u00f6r att skapa ett kraftfullt verktyg f\u00f6r ortopeden. Med verktyget kommer man i klinisk rutin med stor precision kunna utv\u00e4rdera implantatens status i patienten.<\/span><\/li>\n<\/ul>\n<p><span style=\"font-weight: 400\">\u00a0 \u00a0 Torsdag 08:00-09:00<\/span><\/p>\n<p><span style=\"font-weight: 400\">\u00a0<img loading=\"lazy\" class=\"alignnone size-full wp-image-737\" src=\"http:\/\/www.ortopediveckan.se\/wp-content\/uploads\/sites\/37\/2018\/03\/image1.png\" alt=\"\" width=\"365\" height=\"298\" srcset=\"https:\/\/appsinmed.com\/ortopediveckan2018\/wp-content\/uploads\/sites\/37\/2018\/03\/image1.png 365w, https:\/\/appsinmed.com\/ortopediveckan2018\/wp-content\/uploads\/sites\/37\/2018\/03\/image1-300x245.png 300w\" sizes=\"(max-width: 365px) 100vw, 365px\" \/><\/span><\/p>\n<p>[\/et_pb_text][\/et_pb_column][\/et_pb_row][\/et_pb_section][et_pb_section fb_built=&#8221;1&#8243; fullwidth=&#8221;on&#8221; _builder_version=&#8221;3.0.47&#8243;][et_pb_fullwidth_image src=&#8221;http:\/\/www.ortopediveckan.se\/wp-content\/uploads\/sites\/37\/2018\/01\/sof_wave_high_res.png&#8221; _builder_version=&#8221;3.0.72&#8243; global_module=&#8221;445&#8243; saved_tabs=&#8221;all&#8221;][\/et_pb_fullwidth_image][\/et_pb_section]<\/p>\n","protected":false},"excerpt":{"rendered":"<p>[et_pb_section fb_built=&#8221;1&#8243; _builder_version=&#8221;3.0.47&#8243;][et_pb_row _builder_version=&#8221;3.0.47&#8243; background_size=&#8221;initial&#8221; background_position=&#8221;top_left&#8221; background_repeat=&#8221;repeat&#8221;][et_pb_column type=&#8221;4_4&#8243; _builder_version=&#8221;3.0.47&#8243; parallax=&#8221;off&#8221; parallax_method=&#8221;on&#8221;][et_pb_post_title meta=&#8221;off&#8221; featured_image=&#8221;off&#8221; _builder_version=&#8221;3.0.72&#8243; title_font_size=&#8221;35px&#8221;][\/et_pb_post_title][et_pb_text _builder_version=&#8221;3.0.72&#8243;] Workshop Klinisk- och ultraljudsledd unders\u00f6kning av fot och ankel. Ortopederna Dick Larsson och Bertil Romanus g\u00e5r i samarbete med sjukgymnasten och specialisten inom ultraljudsdiagnostik, Lars Ankarberg, igenom unders\u00f6kningsteknik av fot och ankel. Workshopen \u00e4r gratis f\u00f6r deltagare p\u00e5 m\u00f6tet [&hellip;]<\/p>\n","protected":false},"author":1,"featured_media":0,"parent":0,"menu_order":0,"comment_status":"closed","ping_status":"closed","template":"","meta":{"_et_pb_use_builder":"on","_et_pb_old_content":"","_et_gb_content_width":""},"_links":{"self":[{"href":"https:\/\/appsinmed.com\/ortopediveckan2018\/wp-json\/wp\/v2\/pages\/726"}],"collection":[{"href":"https:\/\/appsinmed.com\/ortopediveckan2018\/wp-json\/wp\/v2\/pages"}],"about":[{"href":"https:\/\/appsinmed.com\/ortopediveckan2018\/wp-json\/wp\/v2\/types\/page"}],"author":[{"embeddable":true,"href":"https:\/\/appsinmed.com\/ortopediveckan2018\/wp-json\/wp\/v2\/users\/1"}],"replies":[{"embeddable":true,"href":"https:\/\/appsinmed.com\/ortopediveckan2018\/wp-json\/wp\/v2\/comments?post=726"}],"version-history":[{"count":7,"href":"https:\/\/appsinmed.com\/ortopediveckan2018\/wp-json\/wp\/v2\/pages\/726\/revisions"}],"predecessor-version":[{"id":943,"href":"https:\/\/appsinmed.com\/ortopediveckan2018\/wp-json\/wp\/v2\/pages\/726\/revisions\/943"}],"wp:attachment":[{"href":"https:\/\/appsinmed.com\/ortopediveckan2018\/wp-json\/wp\/v2\/media?parent=726"}],"curies":[{"name":"wp","href":"https:\/\/api.w.org\/{rel}","templated":true}]}}