
{"id":365,"date":"2018-01-18T12:40:36","date_gmt":"2018-01-18T12:40:36","guid":{"rendered":"http:\/\/appsinmed.com\/sof2018\/?page_id=365"},"modified":"2018-08-30T11:31:18","modified_gmt":"2018-08-30T11:31:18","slug":"socialt-program","status":"publish","type":"page","link":"https:\/\/appsinmed.com\/ortopediveckan2018\/socialt-program\/","title":{"rendered":"Socialt program"},"content":{"rendered":"<p>[et_pb_section fb_built=&#8221;1&#8243; _builder_version=&#8221;3.0.47&#8243;][et_pb_row _builder_version=&#8221;3.0.47&#8243; background_size=&#8221;initial&#8221; background_position=&#8221;top_left&#8221; background_repeat=&#8221;repeat&#8221;][et_pb_column type=&#8221;4_4&#8243; _builder_version=&#8221;3.0.47&#8243; parallax=&#8221;off&#8221; parallax_method=&#8221;on&#8221;][et_pb_post_title meta=&#8221;off&#8221; featured_image=&#8221;off&#8221; _builder_version=&#8221;3.0.74&#8243;][\/et_pb_post_title][\/et_pb_column][\/et_pb_row][et_pb_row _builder_version=&#8221;3.0.47&#8243; background_size=&#8221;initial&#8221; background_position=&#8221;top_left&#8221; background_repeat=&#8221;repeat&#8221;][et_pb_column type=&#8221;2_3&#8243; _builder_version=&#8221;3.0.47&#8243; parallax=&#8221;off&#8221; parallax_method=&#8221;on&#8221;][et_pb_text admin_label=&#8221;Bankett&#8221; _builder_version=&#8221;3.0.74&#8243;]<\/p>\n<p><b>ArtOrt \u2013 Konsten \u00e4r l\u00e5ng, livet \u00e4r kort\u2026<\/b><\/p>\n<p>En k\u00e4r tradition inom SOF \u00e4r att m\u00f6tesdeltagare som har en konstn\u00e4rlig \u00e5dra f\u00e5r m\u00f6jlighet att visa upp sina alster under Ortopediveckan. Det finns ingen begr\u00e4nsning eller inriktning p\u00e5 konstform eller typ av hantverk.<\/p>\n<p><span>ArtOrt \u00e4r en vernissage d\u00e4r du kan tr\u00e4ffa konstn\u00e4rerna och prata med dem.<\/span><\/p>\n<p>Som utst\u00e4llare g\u00e4ller f\u00f6ljande:<\/p>\n<p>* Tag med en presentation av dig sj\u00e4lv och ditt alster. Prism\u00e4rk om du vill s\u00e4lja!<\/p>\n<p>* Upph\u00e4ngningsanordningar m\u00e5ste finnas p\u00e5 tavlor. Tag med l\u00e5sbar monter vid behov.<\/p>\n<p>* Inl\u00e4mning skall ske senast kl 10.00 tisdagen den 28\/8. Platsen f\u00f6r inl\u00e4mning \u00e4r skyltad fr\u00e5n entr\u00e9n p\u00e5 Karlstad CCC.<\/p>\n<p>Konstverken kommer att finnas f\u00f6r p\u00e5titt under hela Ortopediveckan. En vernissage kommer att h\u00e5llas i direkt anslutning till minglet inf\u00f6r banketten p\u00e5 onsdagen 29\/8. \u00a0Fr\u00e5n cirka kl 18.30 kommer musik och tal att komplettera konstverken.<\/p>\n<p>V\u00e5rt val av yrke inneb\u00e4r att vi arbetar med en alldeles s\u00e4rskild konstform under arbetstid. Det vi har som m\u00e5l inom ArtOrt \u00e4r att ocks\u00e5 den konstform vi \u00e4gnar oss p\u00e5 v\u00e5r fritid skall f\u00e5 utrymme att blomma ut och visas upp. F\u00f6r m\u00e5nga av oss \u00e4r en skapande hobby en viktig del i v\u00e5r \u00e5terh\u00e4mtning och en ventil f\u00f6r att hantera b\u00e5de tankar och k\u00e4nslor. N\u00e5gra av oss visar aktivt upp v\u00e5ra alster, medan l\u00e5ngt fler skapar f\u00f6r sin egen skull. Min stora \u00f6nskan \u00e4r att fler skall v\u00e5ga ta steget och visa upp sina kreationer f\u00f6r v\u00e4nner och kollegor. Konst \u00e4r som en god m\u00e5ltid. Den m\u00e5 vara bra n\u00e4r man \u00e4r sj\u00e4lv, men den blir \u00e4nnu b\u00e4ttre n\u00e4r den delas med andra.<\/p>\n<p>Varmt v\u00e4lkomna!<\/p>\n<p>Markus Lundmark, Kontaktperson f\u00f6r ArtOrt<\/p>\n<p>[\/et_pb_text][\/et_pb_column][et_pb_column type=&#8221;1_3&#8243; _builder_version=&#8221;3.0.47&#8243; parallax=&#8221;off&#8221; parallax_method=&#8221;on&#8221;][et_pb_image src=&#8221;https:\/\/karlstad.se\/imagevault\/publishedmedia\/e4lcfke1p7yof5acdfy1\/Sola1.jpg&#8221; _builder_version=&#8221;3.0.74&#8243;][\/et_pb_image][et_pb_image src=&#8221;http:\/\/www.ortopediveckan.se\/wp-content\/uploads\/sites\/37\/2018\/03\/Fiskargubben.jpg&#8221; _builder_version=&#8221;3.0.74&#8243;][\/et_pb_image][\/et_pb_column][\/et_pb_row][et_pb_row _builder_version=&#8221;3.0.47&#8243; background_size=&#8221;initial&#8221; background_position=&#8221;top_left&#8221; background_repeat=&#8221;repeat&#8221;][et_pb_column type=&#8221;2_3&#8243; _builder_version=&#8221;3.0.47&#8243; parallax=&#8221;off&#8221; parallax_method=&#8221;on&#8221;][et_pb_text admin_label=&#8221;Bankett&#8221; _builder_version=&#8221;3.0.74&#8243;] <strong>Ortopedmilen<\/strong><\/p>\n<p>Spring en traditionsenlig mil under Sola i Karlstad j\u00e4mte den porlande Klar\u00e4lven p\u00e5 tisdag. Samling vid entr\u00e9n till KCCC 16:30 f\u00f6r gemensam uppv\u00e4rmning. K\u00e4mpa, svettas och njut under stor pompa och st\u00e5t! Start kl. 17:00 p\u00e5 Gubbholmen, ca 500 meter fr\u00e5n KCCC. M\u00e5lg\u00e5ng sker vid KCCC d\u00e4r man tas emot av publikens jubel.<\/p>\n<p>Pris 100 kr inkl. moms.\u00a0 Anm\u00e4lan g\u00f6rs via hemsidan.<br \/>\n[\/et_pb_text][\/et_pb_column][et_pb_column type=&#8221;1_3&#8243; _builder_version=&#8221;3.0.47&#8243; parallax=&#8221;off&#8221; parallax_method=&#8221;on&#8221;][et_pb_image src=&#8221;http:\/\/www.ortopediveckan.se\/wp-content\/uploads\/sites\/37\/2018\/03\/Brygga-KCCC.png&#8221; _builder_version=&#8221;3.0.74&#8243;][\/et_pb_image][\/et_pb_column][\/et_pb_row][et_pb_row _builder_version=&#8221;3.0.47&#8243; background_size=&#8221;initial&#8221; background_position=&#8221;top_left&#8221; background_repeat=&#8221;repeat&#8221;][et_pb_column type=&#8221;2_3&#8243; _builder_version=&#8221;3.0.47&#8243; parallax=&#8221;off&#8221; parallax_method=&#8221;on&#8221;][et_pb_text admin_label=&#8221;Get Together&#8221; _builder_version=&#8221;3.0.74&#8243;]<strong>Get Together<\/strong><\/p>\n<p>Tisdag kv\u00e4ll ges f\u00f6rsta m\u00f6jligheten att under avslappnade former umg\u00e5s med nya och gamla bekantskaper. Direkt efter avslutat vetenskapligt program g\u00e5r vi en trappa ned p\u00e5 KCCC och avnjuter ett glas medan Ortopedmilen b\u00e5de startar och g\u00e5r i m\u00e5l bland minglande g\u00e4ster. Fr\u00e5n kl 19:00 serveras en grillbuff\u00e9 i augustikv\u00e4llen p\u00e5 terrassen vid Klar\u00e4lven. Den interaktiva underh\u00e5llningen st\u00e5r Johan &amp; Bj\u00f6rn f\u00f6r.<\/p>\n<p>Kostnad: 450kr inkl. moms. Tid: Mat fr\u00e5n kl 19:00.\u00a0Anm\u00e4lan g\u00f6rs via hemsidan.<\/p>\n<p>H\u00e4r, som alla andra kv\u00e4llar under veckan, finns m\u00f6jlighet att forts\u00e4tta till v\u00e5rt vattenh\u00e5l Harrys vid Stora Torget.<br \/>\n[\/et_pb_text][\/et_pb_column][et_pb_column type=&#8221;1_3&#8243; _builder_version=&#8221;3.0.47&#8243; parallax=&#8221;off&#8221; parallax_method=&#8221;on&#8221;][et_pb_text _builder_version=&#8221;3.0.74&#8243;] <img loading=\"lazy\" class=\"alignnone size-full wp-image-754\" src=\"http:\/\/www.ortopediveckan.se\/wp-content\/uploads\/sites\/37\/2018\/01\/HEMSIDA-GT1.png\" alt=\"\" width=\"360\" height=\"380\" srcset=\"https:\/\/appsinmed.com\/ortopediveckan2018\/wp-content\/uploads\/sites\/37\/2018\/01\/HEMSIDA-GT1.png 360w, https:\/\/appsinmed.com\/ortopediveckan2018\/wp-content\/uploads\/sites\/37\/2018\/01\/HEMSIDA-GT1-284x300.png 284w\" sizes=\"(max-width: 360px) 100vw, 360px\" \/><br \/>\n[\/et_pb_text][\/et_pb_column][\/et_pb_row][et_pb_row _builder_version=&#8221;3.0.47&#8243; background_size=&#8221;initial&#8221; background_position=&#8221;top_left&#8221; background_repeat=&#8221;repeat&#8221;][et_pb_column type=&#8221;2_3&#8243; _builder_version=&#8221;3.0.47&#8243; parallax=&#8221;off&#8221; parallax_method=&#8221;on&#8221;][et_pb_text admin_label=&#8221;Bankett&#8221; _builder_version=&#8221;3.0.74&#8243;] <strong>Bankett p\u00e5 KCCC<\/strong><br \/>\nP\u00e5 onsdag kv\u00e4ll bjuder vi in till bankett med efterf\u00f6ljande fest.<\/p>\n<p>Kv\u00e4llen b\u00f6rjar kl 18:30 med mingel, mansk\u00f6r och forts\u00e4ttning p\u00e5 ArtOrt vernissage. Kl 19:00 s\u00e4tter vi oss till bords.<\/p>\n<p>The banquet on Wednesday evening promises to be one of the greatest social events ever presented. You might not meet the King of Sweden, but Queen. When it comes to planning a delicious dinner and fantastic entertainment we are the champions and the whole evening promises to be a kind of magic. We might play my melancholy blues, but at least there will be no synthesizers.<\/p>\n<p>Make sure you wear comfortable shoes, because we will rock you and hope that you will spread your wings on the dance floor. Just don\u2019t feel that you are under pressure, we don\u2019t want to give you a sheer heart attack. However, don\u2019t stop me now. At least not until another one bites the dust or finds a crazy little thing called love. You will have to rely on body language, because the volume will be quite loud.<\/p>\n<p>Later you will realize that friends will be friends and we all share one vision. Just avoid thinking that I want it all, we really do want to avoid a scandal. Then when I want to break free, I\u2019ll sneak back to the hotel like the invisible man and dream that these are the days of our lives.<\/p>\n<p>Just remember, it\u2019s only Wednesday. The conference continues for two more days so don\u2019t spend all your energy tonight. After all, the show must go on. I hope you get my innuendo.<\/p>\n<p>Kostnad: 750 kr inkl. moms. Tid: 19:00.\u00a0 Anm\u00e4lan g\u00f6rs via hemsidan.<br \/>\n[\/et_pb_text][\/et_pb_column][et_pb_column type=&#8221;1_3&#8243; _builder_version=&#8221;3.0.47&#8243; parallax=&#8221;off&#8221; parallax_method=&#8221;on&#8221;][et_pb_text _builder_version=&#8221;3.0.74&#8243;] <img loading=\"lazy\" class=\"alignnone size-full wp-image-753\" src=\"http:\/\/www.ortopediveckan.se\/wp-content\/uploads\/sites\/37\/2018\/01\/HEMSIDA-Bankett.png\" alt=\"\" width=\"586\" height=\"390\" srcset=\"https:\/\/appsinmed.com\/ortopediveckan2018\/wp-content\/uploads\/sites\/37\/2018\/01\/HEMSIDA-Bankett.png 586w, https:\/\/appsinmed.com\/ortopediveckan2018\/wp-content\/uploads\/sites\/37\/2018\/01\/HEMSIDA-Bankett-300x200.png 300w\" sizes=\"(max-width: 586px) 100vw, 586px\" \/><br \/>\n[\/et_pb_text][\/et_pb_column][\/et_pb_row][et_pb_row _builder_version=&#8221;3.0.47&#8243; background_size=&#8221;initial&#8221; background_position=&#8221;top_left&#8221; background_repeat=&#8221;repeat&#8221;][et_pb_column type=&#8221;2_3&#8243; _builder_version=&#8221;3.0.47&#8243; parallax=&#8221;off&#8221; parallax_method=&#8221;on&#8221;][et_pb_text admin_label=&#8221;Bankett&#8221; _builder_version=&#8221;3.0.74&#8243;]<strong>B\u00e5tbuss<\/strong><\/p>\n<p>Karlstad, bel\u00e4gen vid Klar\u00e4lvens mynning, \u00e4r en stad som delvis vilar p\u00e5 vatten. Kliv p\u00e5 en av v\u00e5ra b\u00e5tbussar och avnjut v\u00e5r vackra stad p\u00e5 b\u00e4sta s\u00e4tt. P\u00e5 torsdag sker p\u00e5stigning vid bryggan p\u00e5 KCCC kl. 17.00.\u00a0 Turen tar ca 45 minuter med avstigning vid Sandgrund d\u00e4r du kan forts\u00e4tta in p\u00e5 Lars Lerins Sandgrund. Ingen f\u00f6ranm\u00e4lan kr\u00e4vs men det \u00e4r begr\u00e4nsat antal platser, s\u00e5 f\u00f6rst till kvarn g\u00e4ller. Kostnadsfritt.<\/p>\n<p><strong>OBS!<\/strong><\/p>\n<p>Den varma och torra sommaren har lett till ett rekordl\u00e5gt vattenst\u00e5nd i Klar\u00e4lven. F\u00f6r tillf\u00e4llet kan b\u00e5tbussarna inte forcera sandbankarna i \u00e4lven. Vi hoppas att vattenfl\u00f6det \u00f6kar, annars utg\u00e5r tyv\u00e4rr b\u00e5tbussen.<br \/>\n[\/et_pb_text][\/et_pb_column][et_pb_column type=&#8221;1_3&#8243; _builder_version=&#8221;3.0.47&#8243; parallax=&#8221;off&#8221; parallax_method=&#8221;on&#8221;][et_pb_image src=&#8221;http:\/\/www.ortopediveckan.se\/wp-content\/uploads\/sites\/37\/2018\/03\/B\u00e5tbuss.jpg&#8221; _builder_version=&#8221;3.0.74&#8243;][\/et_pb_image][\/et_pb_column][\/et_pb_row][et_pb_row _builder_version=&#8221;3.0.47&#8243; background_size=&#8221;initial&#8221; background_position=&#8221;top_left&#8221; background_repeat=&#8221;repeat&#8221;][et_pb_column type=&#8221;2_3&#8243; _builder_version=&#8221;3.0.47&#8243; parallax=&#8221;off&#8221; parallax_method=&#8221;on&#8221;][et_pb_text admin_label=&#8221;Bankett&#8221; _builder_version=&#8221;3.0.74&#8243;]<strong>Sola Cruising och utst\u00e4llning<\/strong><\/p>\n<p>Njut av Karlstad stad genom vindrutan p\u00e5 en gammal amerikanare med motorljud brummande i \u00f6ronen. Ta del av v\u00e4rml\u00e4ndsk motorkultur genom Sola Cruising Car Club som bjuder upp till cruising och utst\u00e4llning. Utst\u00e4llningen startar efter\u00a0kl. 17.00 p\u00e5 torsdag,\u00a0precis utanf\u00f6r\u00a0KCCC. Ni till\u00e5ts beundra bilarna och lyssna p\u00e5 bilentusiasternas historier. Efter kl. 17.15 kan du h\u00e4nga med p\u00e5 en runda genom Karlstad stad och samtidigt bli transporterad till Sandgrund Lars Lerin. Ingen f\u00f6ranm\u00e4lan kr\u00e4vs, kostnadsfritt (valfri dryck ing\u00e5r dock ej).<br \/>\n[\/et_pb_text][\/et_pb_column][et_pb_column type=&#8221;1_3&#8243; _builder_version=&#8221;3.0.47&#8243; parallax=&#8221;off&#8221; parallax_method=&#8221;on&#8221;][et_pb_image src=&#8221;http:\/\/www.ortopediveckan.se\/wp-content\/uploads\/sites\/37\/2018\/03\/Sola-Cruise.jpg&#8221; _builder_version=&#8221;3.0.74&#8243;][\/et_pb_image][\/et_pb_column][\/et_pb_row][et_pb_row _builder_version=&#8221;3.0.47&#8243; background_size=&#8221;initial&#8221; background_position=&#8221;top_left&#8221; background_repeat=&#8221;repeat&#8221;][et_pb_column type=&#8221;2_3&#8243; _builder_version=&#8221;3.0.47&#8243; parallax=&#8221;off&#8221; parallax_method=&#8221;on&#8221;][et_pb_text admin_label=&#8221;Bankett&#8221; _builder_version=&#8221;3.0.74&#8243;]<strong>Konsthallen Sandgrund Lars Lerin<\/strong><\/p>\n<p>L\u00e5t dig h\u00e4nf\u00f6ras av en v\u00e4rld av vacker och f\u00f6rtrollande akvarellkonst. Lars Lerin \u00e4r en av v\u00e4rldens mest framst\u00e5ende livskonstn\u00e4rer som sedan 2012 har haft sin permanenta konsthall i det forna danspalatset Sandgrund. F\u00f6rfattarskapet ber\u00f6r med sin n\u00e4ra och gestaltande ber\u00e4ttandeform, ofta med dokument\u00e4ra inslag b\u00e5de i nutid och d\u00e5tid. Naturl\u00e4ra har hyllats i press och media och har \u00e4ven tilldelats Augustpriset 2014 i kategorin \u00c5rets svenska fackbok samt V\u00e4rmlands vackraste bok 2014. Den egna TV-serien V\u00e4nligen Lars Lerin tilldelades Kristallen 2016 f\u00f6r \u00c5rets Livsstilsprogram. Han tilldelades \u00e4ven Kristallen f\u00f6r \u00c5rets tv-profil och mottagare av den kungliga medaljen Litteris et Artibus 2016. Under 2018 \u00e4r Lars Lerin utst\u00e4llare p\u00e5 Liljewalchs i Stockholm och aktuell med TV-serien Lars Lerins l\u00e4rlingar. Konsthallen Sandgrund Lars Lerin \u00e4r en fantastisk upplevelse och \u00e4r verkligen v\u00e4rt ett bes\u00f6k. P\u00e5 torsdag kan du ta b\u00e5tbussens rundtur med avstigning 17.45 vid Sandgrund, landa efter lite cruising genom stan eller ta en kort promenad fr\u00e5n KCCC l\u00e4ngs \u00e4lven som leder dig direkt till konsthallen. I priset ing\u00e5r en rundtur med en kunnig guide samt ett glas cava\/cider och tilltugg.<\/p>\n<p>Pris: 150 kr inkl. moms, betalas p\u00e5 plats.\u00a0Minglet startar kl. 18.00 och vi kan vara kvar till kl. 20.00. Anm\u00e4lan g\u00f6rs via hemsidan. Sista anm\u00e4lningsdag 29\/8.<br \/>\n[\/et_pb_text][\/et_pb_column][et_pb_column type=&#8221;1_3&#8243; _builder_version=&#8221;3.0.47&#8243; parallax=&#8221;off&#8221; parallax_method=&#8221;on&#8221;][et_pb_image src=&#8221;http:\/\/www.ortopediveckan.se\/wp-content\/uploads\/sites\/37\/2018\/03\/Lars-Lerin-1.jpg&#8221; _builder_version=&#8221;3.0.74&#8243;][\/et_pb_image][et_pb_image src=&#8221;http:\/\/www.ortopediveckan.se\/wp-content\/uploads\/sites\/37\/2018\/03\/Lars-Lerin-2.jpg&#8221; _builder_version=&#8221;3.0.74&#8243;][\/et_pb_image][\/et_pb_column][\/et_pb_row][et_pb_row _builder_version=&#8221;3.0.47&#8243; background_size=&#8221;initial&#8221; background_position=&#8221;top_left&#8221; background_repeat=&#8221;repeat&#8221;][et_pb_column type=&#8221;2_3&#8243; _builder_version=&#8221;3.0.47&#8243; parallax=&#8221;off&#8221; parallax_method=&#8221;on&#8221;][et_pb_text admin_label=&#8221;Bankett&#8221; _builder_version=&#8221;3.0.74&#8243;]<\/p>\n<p><strong>Comboio<\/strong>.<\/p>\n<p>The ultimate V\u00e4rmlandish salsa orchestra. Med exotiska influenser f\u00f6rgyller ensemblen kontinuerligt Karlstads uteliv med sin musik. P\u00e5 med dansskorna &#8211; f\u00f6r p\u00e5 torsdag kv\u00e4ll bjuder salsaorkestern Comboio upp till dans! K\u00e4nn rytmen i blodet och l\u00e5t dig f\u00f6rf\u00f6ras av salsamagin p\u00e5 Harrys fr\u00e5n kl. 21.00.<\/p>\n<p>Gratis intr\u00e4de mot uppvisande av din badge. Ingen f\u00f6ranm\u00e4lan kr\u00e4vs.<\/p>\n<p>[\/et_pb_text][\/et_pb_column][et_pb_column type=&#8221;1_3&#8243; _builder_version=&#8221;3.0.47&#8243; parallax=&#8221;off&#8221; parallax_method=&#8221;on&#8221;][et_pb_image src=&#8221;http:\/\/www.ortopediveckan.se\/wp-content\/uploads\/sites\/37\/2018\/03\/Comboio.jpg&#8221; _builder_version=&#8221;3.0.74&#8243;][\/et_pb_image][\/et_pb_column][\/et_pb_row][et_pb_row _builder_version=&#8221;3.0.47&#8243; background_size=&#8221;initial&#8221; background_position=&#8221;top_left&#8221; background_repeat=&#8221;repeat&#8221;][et_pb_column type=&#8221;2_3&#8243; _builder_version=&#8221;3.0.47&#8243; parallax=&#8221;off&#8221; parallax_method=&#8221;on&#8221;][et_pb_text admin_label=&#8221;Bankett&#8221; _builder_version=&#8221;3.0.74&#8243;] <strong>Harrys.\u00a0 There is a party &#8211; I need to go there.<\/strong><\/p>\n<p>Harrys \u00e4r v\u00e5rt vattenh\u00e5l som under hela veckan v\u00e4lkomnar hungriga och t\u00f6rstiga SOF-deltagare med bra priser och god mat. Avnjut \u00e5rets ortoped\u00f6l och ta en sv\u00e4ngom med glada v\u00e4rml\u00e4nningar. Hela veckan \u00e4r det rabatt p\u00e5 notan och utvald dryck mot uppvisande av din badge. P\u00e5 torsdag bjuder salsaorkestern Comboio p\u00e5 en salsashow och efter detta utlovas brutalt drag under galoscherna av v\u00e5r eminente DJ G\u00f6ran Born.\u00a0 F\u00f6r mer information och bokning av bord g\u00e5 in p\u00e5:\u00a0<a style=\"font-size: 14px\" href=\"http:\/\/www.harrys.se\/restauranger\/karlstad\/\" target=\"_blank\" rel=\"nofollow noopener\">www.harrys.se\/restauranger\/karlstad\/<\/a><\/p>\n<p><span style=\"font-size: 14px\">Gratis intr\u00e4de mot uppvisande av din badge.<\/span><br \/>\n[\/et_pb_text][et_pb_text admin_label=&#8221;Bankett&#8221; _builder_version=&#8221;3.0.74&#8243;][\/et_pb_text][\/et_pb_column][et_pb_column type=&#8221;1_3&#8243; _builder_version=&#8221;3.0.47&#8243; parallax=&#8221;off&#8221; parallax_method=&#8221;on&#8221;][et_pb_image src=&#8221;http:\/\/www.ortopediveckan.se\/wp-content\/uploads\/sites\/37\/2018\/03\/Harrys_logotype_NEW.jpg&#8221; _builder_version=&#8221;3.0.74&#8243;][\/et_pb_image][\/et_pb_column][\/et_pb_row][et_pb_row _builder_version=&#8221;3.0.47&#8243; background_size=&#8221;initial&#8221; background_position=&#8221;top_left&#8221; background_repeat=&#8221;repeat&#8221;][et_pb_column type=&#8221;2_3&#8243; _builder_version=&#8221;3.0.47&#8243; parallax=&#8221;off&#8221; parallax_method=&#8221;on&#8221;][et_pb_text admin_label=&#8221;Bankett&#8221; _builder_version=&#8221;3.0.74&#8243;][\/et_pb_text][et_pb_text admin_label=&#8221;Bankett&#8221; _builder_version=&#8221;3.0.74&#8243;] <strong>Skoj p\u00e5 hoj &#8211; eller F\u00e5r en ortoped k\u00f6ra motorcykel?<\/strong><\/p>\n<p>F\u00f6r dig som kommer till Ortopediveckan 2018 p\u00e5 motorcykel erbjuder vi en guidad tur p\u00e5 n\u00e5gra av v\u00e5ra favoritv\u00e4gar efter avslutningen p\u00e5 fredag. Turens utformning beror p\u00e5 hur m\u00e5nga vi blir. En glass p\u00e5 Mormors Glasscaf\u00e9 i Lysvik? En burgare p\u00e5 Route 45? En r\u00e4kmacka i V\u00e4rmskog? Antalet hojar, era \u00f6nskem\u00e5l och det aktuella v\u00e4dret avg\u00f6r.<\/p>\n<p><span style=\"font-size: 14px\">Gratis att delta, men var och en betalar sin bensin och f\u00e4rdkost. Ingen formell f\u00f6ranm\u00e4lan beh\u00f6vs, men meddela g\u00e4rna intresse till <a href=\"mailto:peter.chakraborty@liv.se\">peter.chakraborty@liv.se<\/a>\u00a0under kongressveckan.<\/span><br \/>\n[\/et_pb_text][\/et_pb_column][et_pb_column type=&#8221;1_3&#8243; _builder_version=&#8221;3.0.47&#8243; parallax=&#8221;off&#8221; parallax_method=&#8221;on&#8221;][et_pb_image src=&#8221;http:\/\/www.ortopediveckan.se\/wp-content\/uploads\/sites\/37\/2018\/03\/Enh\u00f6rningen.jpg&#8221; _builder_version=&#8221;3.0.74&#8243;][\/et_pb_image][\/et_pb_column][\/et_pb_row][\/et_pb_section][et_pb_section fb_built=&#8221;1&#8243; fullwidth=&#8221;on&#8221; _builder_version=&#8221;3.0.47&#8243;][et_pb_fullwidth_image src=&#8221;\/wp-content\/uploads\/sites\/37\/2018\/01\/sof_wave_high_res.png&#8221; _builder_version=&#8221;3.2.2&#8243; border_style=&#8221;solid&#8221; global_module=&#8221;445&#8243; saved_tabs=&#8221;all&#8221;][\/et_pb_fullwidth_image][\/et_pb_section]<\/p>\n","protected":false},"excerpt":{"rendered":"<p>[et_pb_section fb_built=&#8221;1&#8243; _builder_version=&#8221;3.0.47&#8243;][et_pb_row _builder_version=&#8221;3.0.47&#8243; background_size=&#8221;initial&#8221; background_position=&#8221;top_left&#8221; background_repeat=&#8221;repeat&#8221;][et_pb_column type=&#8221;4_4&#8243; _builder_version=&#8221;3.0.47&#8243; parallax=&#8221;off&#8221; parallax_method=&#8221;on&#8221;][et_pb_post_title meta=&#8221;off&#8221; featured_image=&#8221;off&#8221; _builder_version=&#8221;3.0.74&#8243;][\/et_pb_post_title][\/et_pb_column][\/et_pb_row][et_pb_row _builder_version=&#8221;3.0.47&#8243; background_size=&#8221;initial&#8221; background_position=&#8221;top_left&#8221; background_repeat=&#8221;repeat&#8221;][et_pb_column type=&#8221;2_3&#8243; _builder_version=&#8221;3.0.47&#8243; parallax=&#8221;off&#8221; parallax_method=&#8221;on&#8221;][et_pb_text admin_label=&#8221;Bankett&#8221; _builder_version=&#8221;3.0.74&#8243;] ArtOrt \u2013 Konsten \u00e4r l\u00e5ng, livet \u00e4r kort\u2026 En k\u00e4r tradition inom SOF \u00e4r att m\u00f6tesdeltagare som har en konstn\u00e4rlig \u00e5dra f\u00e5r m\u00f6jlighet att visa upp sina alster under Ortopediveckan. Det [&hellip;]<\/p>\n","protected":false},"author":1,"featured_media":0,"parent":0,"menu_order":0,"comment_status":"closed","ping_status":"closed","template":"","meta":{"_et_pb_use_builder":"on","_et_pb_old_content":"","_et_gb_content_width":""},"_links":{"self":[{"href":"https:\/\/appsinmed.com\/ortopediveckan2018\/wp-json\/wp\/v2\/pages\/365"}],"collection":[{"href":"https:\/\/appsinmed.com\/ortopediveckan2018\/wp-json\/wp\/v2\/pages"}],"about":[{"href":"https:\/\/appsinmed.com\/ortopediveckan2018\/wp-json\/wp\/v2\/types\/page"}],"author":[{"embeddable":true,"href":"https:\/\/appsinmed.com\/ortopediveckan2018\/wp-json\/wp\/v2\/users\/1"}],"replies":[{"embeddable":true,"href":"https:\/\/appsinmed.com\/ortopediveckan2018\/wp-json\/wp\/v2\/comments?post=365"}],"version-history":[{"count":42,"href":"https:\/\/appsinmed.com\/ortopediveckan2018\/wp-json\/wp\/v2\/pages\/365\/revisions"}],"predecessor-version":[{"id":1386,"href":"https:\/\/appsinmed.com\/ortopediveckan2018\/wp-json\/wp\/v2\/pages\/365\/revisions\/1386"}],"wp:attachment":[{"href":"https:\/\/appsinmed.com\/ortopediveckan2018\/wp-json\/wp\/v2\/media?parent=365"}],"curies":[{"name":"wp","href":"https:\/\/api.w.org\/{rel}","templated":true}]}}