
{"id":1282,"date":"2018-07-11T05:38:39","date_gmt":"2018-07-11T05:38:39","guid":{"rendered":"http:\/\/www.ortopediveckan.se\/?page_id=1282"},"modified":"2018-07-13T10:37:06","modified_gmt":"2018-07-13T10:37:06","slug":"posterinstruktioner","status":"publish","type":"page","link":"https:\/\/appsinmed.com\/ortopediveckan2018\/abstracts\/posterinstruktioner\/","title":{"rendered":"Posterinstruktioner"},"content":{"rendered":"<p>[et_pb_section bb_built=&#8221;1&#8243; next_background_color=&#8221;#000000&#8243;][et_pb_row][et_pb_column type=&#8221;4_4&#8243;][et_pb_post_title _builder_version=&#8221;3.2.2&#8243; meta=&#8221;off&#8221; featured_image=&#8221;off&#8221; \/][et_pb_text _builder_version=&#8221;3.2.2&#8243;]<\/p>\n<p><strong>Instruktioner<\/strong><br \/>\nDin poster ska skrivas p\u00e5 svenska, f\u00f6r utl\u00e4ndska f\u00f6rfattare engelska.<br \/>\nPostern ska vara av storleken A1 st\u00e5ende = (841 x 594 mm).<br \/>\nDu som posterf\u00f6rfattare f\u00f6rv\u00e4ntas vara p\u00e5 plats under den postersession i form av postervandring du \u00e4r schemalagd p\u00e5 inklusive minst aktuell halvdag. Tider f\u00f6r postersession finns p\u00e5 hemsidan <a href=\"http:\/\/www.ortopediveckan.se\/vetenskapligt-program\/\">http:\/\/www.ortopediveckan.se\/vetenskapligt-program\/<\/a><\/p>\n<p>V\u00e4nligen notera att \u00e4ndringar i schemat kan p\u00e5verka tiden f\u00f6r postersession och du f\u00f6rv\u00e4ntas kolla upp detta via hemsidan eller i appen.<\/p>\n<p><strong><br \/>\nVideo<\/strong><br \/>\nF\u00f6r dig som posterf\u00f6rfattare erbjuder vi \u00e4ven att spela in en muntlig videopresentation av ditt forskningsarbete. Tid f\u00f6r denna presentation \u00e4r max <strong>5 minuter<\/strong> och videoformatet ska vara <strong>mpeg-4<\/strong>. Videopresentationerna kommer vara tillg\u00e4ngliga f\u00f6r samtliga m\u00f6tesdeltagare via hemsida och app, och eventuellt kommer videopresentationer \u00e4ven kunna ses p\u00e5 s\u00e4rskilda stationer p\u00e5 CCC under Ortopediveckan. F\u00f6r att skicka in din video g\u00f6r du f\u00f6ljande:<\/p>\n<ol>\n<li>G\u00e5 till\u00a0<a href=\"https:\/\/wetransfer.com\/\">https:\/\/wetransfer.com\/<\/a><\/li>\n<li>Tryck p\u00e5 &#8220;L\u00e4gg till dina filer&#8221;<\/li>\n<li>I f\u00e4ltet &#8220;Skicka till&#8221; skriver du:\u00a0abstracts.sof2018@appinconf.com<\/li>\n<li>I f\u00e4ltet &#8220;Din e-postadress&#8221; anger du din email<\/li>\n<li>I meddelande skriver du ID f\u00f6r din poster<\/li>\n<li>Du \u00e4r nu klar. N\u00e4r vi mottaigt och h\u00e4mtat din video f\u00e5r du ett mail av Wetransfer som bekfr\u00e4ftar detta.<\/li>\n<\/ol>\n<p>[\/et_pb_text][\/et_pb_column][\/et_pb_row][\/et_pb_section][et_pb_section bb_built=&#8221;1&#8243; fullwidth=&#8221;on&#8221; specialty=&#8221;off&#8221; prev_background_color=&#8221;#000000&#8243;][et_pb_fullwidth_image src=&#8221;\/wp-content\/uploads\/sites\/37\/2018\/01\/sof_wave_high_res.png&#8221; _builder_version=&#8221;3.2.2&#8243; saved_tabs=&#8221;all&#8221; global_module=&#8221;445&#8243; \/][\/et_pb_section]<\/p>\n","protected":false},"excerpt":{"rendered":"<p>[et_pb_section bb_built=&#8221;1&#8243; next_background_color=&#8221;#000000&#8243;][et_pb_row][et_pb_column type=&#8221;4_4&#8243;][et_pb_post_title _builder_version=&#8221;3.2.2&#8243; meta=&#8221;off&#8221; featured_image=&#8221;off&#8221; \/][et_pb_text _builder_version=&#8221;3.2.2&#8243;] Instruktioner Din poster ska skrivas p\u00e5 svenska, f\u00f6r utl\u00e4ndska f\u00f6rfattare engelska. Postern ska vara av storleken A1 st\u00e5ende = (841 x 594 mm). Du som posterf\u00f6rfattare f\u00f6rv\u00e4ntas vara p\u00e5 plats under den postersession i form av postervandring du \u00e4r schemalagd p\u00e5 inklusive minst aktuell halvdag. Tider [&hellip;]<\/p>\n","protected":false},"author":1,"featured_media":0,"parent":361,"menu_order":0,"comment_status":"closed","ping_status":"closed","template":"","meta":{"_et_pb_use_builder":"on","_et_pb_old_content":"","_et_gb_content_width":""},"_links":{"self":[{"href":"https:\/\/appsinmed.com\/ortopediveckan2018\/wp-json\/wp\/v2\/pages\/1282"}],"collection":[{"href":"https:\/\/appsinmed.com\/ortopediveckan2018\/wp-json\/wp\/v2\/pages"}],"about":[{"href":"https:\/\/appsinmed.com\/ortopediveckan2018\/wp-json\/wp\/v2\/types\/page"}],"author":[{"embeddable":true,"href":"https:\/\/appsinmed.com\/ortopediveckan2018\/wp-json\/wp\/v2\/users\/1"}],"replies":[{"embeddable":true,"href":"https:\/\/appsinmed.com\/ortopediveckan2018\/wp-json\/wp\/v2\/comments?post=1282"}],"version-history":[{"count":11,"href":"https:\/\/appsinmed.com\/ortopediveckan2018\/wp-json\/wp\/v2\/pages\/1282\/revisions"}],"predecessor-version":[{"id":1296,"href":"https:\/\/appsinmed.com\/ortopediveckan2018\/wp-json\/wp\/v2\/pages\/1282\/revisions\/1296"}],"up":[{"embeddable":true,"href":"https:\/\/appsinmed.com\/ortopediveckan2018\/wp-json\/wp\/v2\/pages\/361"}],"wp:attachment":[{"href":"https:\/\/appsinmed.com\/ortopediveckan2018\/wp-json\/wp\/v2\/media?parent=1282"}],"curies":[{"name":"wp","href":"https:\/\/api.w.org\/{rel}","templated":true}]}}