
{"id":1268,"date":"2018-07-04T11:51:44","date_gmt":"2018-07-04T11:51:44","guid":{"rendered":"http:\/\/www.ortopediveckan.se\/?page_id=1268"},"modified":"2018-07-04T11:51:44","modified_gmt":"2018-07-04T11:51:44","slug":"kontakt-utstallning","status":"publish","type":"page","link":"https:\/\/appsinmed.com\/ortopediveckan2018\/utstallning-sponsorskap\/kontakt-utstallning\/","title":{"rendered":"Kontakt utst\u00e4llning"},"content":{"rendered":"<p>[et_pb_section bb_built=&#8221;1&#8243; fullwidth=&#8221;off&#8221; specialty=&#8221;off&#8221;][et_pb_row][et_pb_column type=&#8221;4_4&#8243;][et_pb_text admin_label=&#8221;Kontakt utst\u00e4llning&#8221; _builder_version=&#8221;3.2.2&#8243;]<\/p>\n<h3 style=\"text-align: center\"><span style=\"font-size: 24pt\">Kontakt utst\u00e4llning<\/span><\/h3>\n<p>[\/et_pb_text][\/et_pb_column][\/et_pb_row][et_pb_row][et_pb_column type=&#8221;1_2&#8243;][et_pb_text _builder_version=&#8221;3.0.72&#8243; background_layout=&#8221;light&#8221; text_orientation=&#8221;left&#8221; border_style=&#8221;solid&#8221;]<\/p>\n<p>Mer info p\u00e5 <a href=\"http:\/\/www.travekoscandinavia.se\">www.travekoscandinavia.se<\/a><\/p>\n<p>Klicka p\u00e5 <strong>V\u00e5ra m\u00f6ten<\/strong> och <strong>Ortopediveckan<\/strong><\/p>\n<p>Kontaktperson: Johan Lindbladh, Traveko Sacandinavia,<\/p>\n<p><a href=\"mailto:ohan.lindbladh@travekoscandinavia.se\">johan.lindbladh@travekoscandinavia.se<\/a><\/p>\n<p>mobil: <a href=\"tel:0733-351-424\">0733-351 424<\/a><\/p>\n<p style=\"text-align: right\">\n<p>[\/et_pb_text][\/et_pb_column][et_pb_column type=&#8221;1_2&#8243;][et_pb_text _builder_version=&#8221;3.0.72&#8243; background_layout=&#8221;light&#8221; text_orientation=&#8221;left&#8221; border_style=&#8221;solid&#8221;]<\/p>\n<p><img loading=\"lazy\" class=\"alignnone size-medium wp-image-1129\" src=\"http:\/\/www.ortopediveckan.se\/wp-content\/uploads\/sites\/37\/2018\/07\/traveko_scandinavia_rgb-300x105.png\" alt=\"\" width=\"300\" height=\"105\" \/><\/p>\n<p>[\/et_pb_text][\/et_pb_column][\/et_pb_row][\/et_pb_section]<\/p>\n","protected":false},"excerpt":{"rendered":"<p>[et_pb_section bb_built=&#8221;1&#8243; fullwidth=&#8221;off&#8221; specialty=&#8221;off&#8221;][et_pb_row][et_pb_column type=&#8221;4_4&#8243;][et_pb_text admin_label=&#8221;Kontakt utst\u00e4llning&#8221; _builder_version=&#8221;3.2.2&#8243;] Kontakt utst\u00e4llning [\/et_pb_text][\/et_pb_column][\/et_pb_row][et_pb_row][et_pb_column type=&#8221;1_2&#8243;][et_pb_text _builder_version=&#8221;3.0.72&#8243; background_layout=&#8221;light&#8221; text_orientation=&#8221;left&#8221; border_style=&#8221;solid&#8221;] Mer info p\u00e5 www.travekoscandinavia.se Klicka p\u00e5 V\u00e5ra m\u00f6ten och Ortopediveckan Kontaktperson: Johan Lindbladh, Traveko Sacandinavia, johan.lindbladh@travekoscandinavia.se mobil: 0733-351 424 [\/et_pb_text][\/et_pb_column][et_pb_column type=&#8221;1_2&#8243;][et_pb_text _builder_version=&#8221;3.0.72&#8243; background_layout=&#8221;light&#8221; text_orientation=&#8221;left&#8221; border_style=&#8221;solid&#8221;] [\/et_pb_text][\/et_pb_column][\/et_pb_row][\/et_pb_section]<\/p>\n","protected":false},"author":1,"featured_media":0,"parent":1131,"menu_order":0,"comment_status":"closed","ping_status":"closed","template":"","meta":{"_et_pb_use_builder":"on","_et_pb_old_content":"","_et_gb_content_width":""},"_links":{"self":[{"href":"https:\/\/appsinmed.com\/ortopediveckan2018\/wp-json\/wp\/v2\/pages\/1268"}],"collection":[{"href":"https:\/\/appsinmed.com\/ortopediveckan2018\/wp-json\/wp\/v2\/pages"}],"about":[{"href":"https:\/\/appsinmed.com\/ortopediveckan2018\/wp-json\/wp\/v2\/types\/page"}],"author":[{"embeddable":true,"href":"https:\/\/appsinmed.com\/ortopediveckan2018\/wp-json\/wp\/v2\/users\/1"}],"replies":[{"embeddable":true,"href":"https:\/\/appsinmed.com\/ortopediveckan2018\/wp-json\/wp\/v2\/comments?post=1268"}],"version-history":[{"count":2,"href":"https:\/\/appsinmed.com\/ortopediveckan2018\/wp-json\/wp\/v2\/pages\/1268\/revisions"}],"predecessor-version":[{"id":1270,"href":"https:\/\/appsinmed.com\/ortopediveckan2018\/wp-json\/wp\/v2\/pages\/1268\/revisions\/1270"}],"up":[{"embeddable":true,"href":"https:\/\/appsinmed.com\/ortopediveckan2018\/wp-json\/wp\/v2\/pages\/1131"}],"wp:attachment":[{"href":"https:\/\/appsinmed.com\/ortopediveckan2018\/wp-json\/wp\/v2\/media?parent=1268"}],"curies":[{"name":"wp","href":"https:\/\/api.w.org\/{rel}","templated":true}]}}